Last updated on 2024-07-03 18:57:44 CEST.
Flavor | Version | Tinstall | Tcheck | Ttotal | Status | Flags |
---|---|---|---|---|---|---|
r-devel-linux-x86_64-debian-clang | 0.1.2 | 33.86 | 258.04 | 291.90 | OK | |
r-devel-linux-x86_64-debian-gcc | 0.1.2 | 21.79 | 183.20 | 204.99 | OK | |
r-devel-linux-x86_64-fedora-clang | 0.1.2 | 359.70 | NOTE | |||
r-devel-linux-x86_64-fedora-gcc | 0.1.2 | 329.07 | NOTE | |||
r-devel-windows-x86_64 | 0.1.2 | 23.00 | 166.00 | 189.00 | OK | |
r-patched-linux-x86_64 | 0.1.2 | 25.52 | 253.18 | 278.70 | OK | |
r-release-linux-x86_64 | 0.1.2 | 18.75 | 245.81 | 264.56 | OK | |
r-release-macos-arm64 | 0.1.2 | 79.00 | OK | |||
r-release-macos-x86_64 | 0.1.2 | 176.00 | OK | |||
r-release-windows-x86_64 | 0.1.2 | 22.00 | 162.00 | 184.00 | OK | |
r-oldrel-macos-arm64 | 0.1.2 | 32.00 | OK | |||
r-oldrel-macos-x86_64 | 0.1.2 | 48.00 | OK | |||
r-oldrel-windows-x86_64 | 0.1.2 | 31.00 | 214.00 | 245.00 | OK |
Version: 0.1.2
Check: data for non-ASCII characters
Result: NOTE
Note: found 2 marked UTF-8 strings
Flavors: r-devel-linux-x86_64-fedora-clang, r-devel-linux-x86_64-fedora-gcc