Last updated on 2025-11-23 05:50:29 CET.
| Flavor | Version | Tinstall | Tcheck | Ttotal | Status | Flags |
|---|---|---|---|---|---|---|
| r-devel-linux-x86_64-debian-clang | 0.1 | 3.54 | 36.68 | 40.22 | NOTE | |
| r-devel-linux-x86_64-debian-gcc | 0.1 | 2.46 | 27.47 | 29.93 | NOTE | |
| r-devel-linux-x86_64-fedora-clang | 0.1 | 63.24 | OK | |||
| r-devel-linux-x86_64-fedora-gcc | 0.1 | 73.81 | OK | |||
| r-devel-windows-x86_64 | 0.1 | 8.00 | 52.00 | 60.00 | OK | |
| r-patched-linux-x86_64 | 0.1 | 3.16 | 34.48 | 37.64 | OK | |
| r-release-linux-x86_64 | 0.1 | 3.67 | 34.59 | 38.26 | OK | |
| r-release-macos-arm64 | 0.1 | OK | ||||
| r-release-macos-x86_64 | 0.1 | 3.00 | 83.00 | 86.00 | OK | |
| r-release-windows-x86_64 | 0.1 | 5.00 | 61.00 | 66.00 | OK | |
| r-oldrel-macos-arm64 | 0.1 | OK | ||||
| r-oldrel-macos-x86_64 | 0.1 | 3.00 | 37.00 | 40.00 | OK | |
| r-oldrel-windows-x86_64 | 0.1 | 7.00 | 59.00 | 66.00 | OK |
Version: 0.1
Check: CRAN incoming feasibility
Result: NOTE
Maintainer: ‘Nadine Fischoff <nadine.khattak@gmail.com>’
No Authors@R field in DESCRIPTION.
Please add one, modifying
Authors@R: person(given = "Nadine",
family = "Fischoff",
role = c("aut", "cre"),
email = "nadine.khattak@gmail.com")
as necessary.
Found the following \keyword or \concept entries
which likely give several index terms:
File ‘getBills.Rd’:
\keyword{api,}
\keyword{congress,}
\keyword{propublica,}
Flavors: r-devel-linux-x86_64-debian-clang, r-devel-linux-x86_64-debian-gcc