Last updated on 2025-11-20 05:49:33 CET.
| Flavor | Version | Tinstall | Tcheck | Ttotal | Status | Flags |
|---|---|---|---|---|---|---|
| r-devel-linux-x86_64-debian-clang | 0.1.0 | 9.94 | 74.81 | 84.75 | NOTE | |
| r-devel-linux-x86_64-debian-gcc | 0.1.0 | 6.58 | 53.12 | 59.70 | NOTE | |
| r-devel-linux-x86_64-fedora-clang | 0.1.0 | 22.00 | 108.40 | 130.40 | OK | |
| r-devel-linux-x86_64-fedora-gcc | 0.1.0 | 19.00 | 118.70 | 137.70 | OK | |
| r-devel-windows-x86_64 | 0.1.0 | 11.00 | 84.00 | 95.00 | OK | |
| r-patched-linux-x86_64 | 0.1.0 | 9.06 | 69.84 | 78.90 | OK | |
| r-release-linux-x86_64 | 0.1.0 | 9.33 | 68.90 | 78.23 | OK | |
| r-release-macos-arm64 | 0.1.0 | OK | ||||
| r-release-macos-x86_64 | 0.1.0 | 9.00 | 79.00 | 88.00 | OK | |
| r-release-windows-x86_64 | 0.1.0 | 10.00 | 78.00 | 88.00 | OK | |
| r-oldrel-macos-arm64 | 0.1.0 | NOTE | ||||
| r-oldrel-macos-x86_64 | 0.1.0 | 5.00 | 49.00 | 54.00 | NOTE | |
| r-oldrel-windows-x86_64 | 0.1.0 | 15.00 | 98.00 | 113.00 | NOTE |
Version: 0.1.0
Check: CRAN incoming feasibility
Result: NOTE
Maintainer: ‘gert.janssenswillen@uhasselt.be <gert.janssenswillen@uhasselt.be>’
No Authors@R field in DESCRIPTION.
Please add one, modifying
Authors@R: c(person(given = "Gert",
family = "Janssenswillen",
role = "aut"),
person(family = "gert.janssenswillen@uhasselt.be",
role = "cre",
email = "gert.janssenswillen@uhasselt.be"))
as necessary.
Flavors: r-devel-linux-x86_64-debian-clang, r-devel-linux-x86_64-debian-gcc
Version: 0.1.0
Check: LazyData
Result: NOTE
'LazyData' is specified without a 'data' directory
Flavors: r-oldrel-macos-arm64, r-oldrel-macos-x86_64, r-oldrel-windows-x86_64