Last updated on 2024-03-28 17:49:38 CET.
Flavor | Version | Tinstall | Tcheck | Ttotal | Status | Flags |
---|---|---|---|---|---|---|
r-devel-linux-x86_64-debian-clang | 1.1.0 | 10.15 | 67.01 | 77.16 | NOTE | |
r-devel-linux-x86_64-debian-gcc | 1.1.0 | 7.88 | 49.82 | 57.70 | NOTE | |
r-devel-linux-x86_64-fedora-clang | 1.1.0 | 94.75 | NOTE | |||
r-devel-linux-x86_64-fedora-gcc | 1.1.0 | 92.15 | NOTE | |||
r-devel-windows-x86_64 | 1.1.0 | 11.00 | 65.00 | 76.00 | NOTE | |
r-patched-linux-x86_64 | 1.1.0 | 12.59 | 65.41 | 78.00 | NOTE | |
r-release-linux-x86_64 | 1.1.0 | 10.08 | 63.03 | 73.11 | OK | |
r-release-macos-arm64 | 1.1.0 | 27.00 | OK | |||
r-release-macos-x86_64 | 1.1.0 | 44.00 | OK | |||
r-release-windows-x86_64 | 1.1.0 | 13.00 | 71.00 | 84.00 | OK | |
r-oldrel-macos-arm64 | 1.1.0 | 26.00 | OK | |||
r-oldrel-windows-x86_64 | 1.1.0 | 13.00 | 73.00 | 86.00 | OK |
Version: 1.1.0
Check: Rd files
Result: NOTE
checkRd: (-1) paasche.Rd:91: Lost braces
91 | \code{OSME} \tab Output-oriented scale-mix efficiency score \emph{(code{orientation = "out"})}\cr
| ^
Flavors: r-devel-linux-x86_64-debian-clang, r-devel-linux-x86_64-debian-gcc, r-devel-linux-x86_64-fedora-clang, r-devel-linux-x86_64-fedora-gcc, r-devel-windows-x86_64, r-patched-linux-x86_64