Last updated on 2024-04-24 07:15:14 CEST.
Flavor | Version | Tinstall | Tcheck | Ttotal | Status | Flags |
---|---|---|---|---|---|---|
r-devel-linux-x86_64-debian-clang | 0.2.7 | 40.93 | 133.27 | 174.20 | OK | |
r-devel-linux-x86_64-debian-gcc | 0.2.7 | 38.45 | 111.33 | 149.78 | OK | |
r-devel-linux-x86_64-fedora-clang | 0.2.7 | 249.94 | OK | |||
r-devel-linux-x86_64-fedora-gcc | 0.2.7 | 278.86 | OK | |||
r-prerel-macos-arm64 | 0.2.7 | 135.00 | NOTE | |||
r-prerel-macos-x86_64 | 0.2.7 | 236.00 | NOTE | |||
r-prerel-windows-x86_64 | 0.2.7 | 37.00 | 152.00 | 189.00 | OK | |
r-patched-linux-x86_64 | 0.2.7 | 42.83 | 144.29 | 187.12 | OK | |
r-release-linux-x86_64 | 0.2.7 | 52.63 | 144.25 | 196.88 | OK | |
r-release-macos-arm64 | 0.2.7 | 86.00 | NOTE | |||
r-release-macos-x86_64 | 0.2.7 | 192.00 | NOTE | |||
r-release-windows-x86_64 | 0.2.7 | 48.00 | 199.00 | 247.00 | OK | |
r-oldrel-macos-arm64 | 0.2.7 | 91.00 | NOTE | |||
r-oldrel-windows-x86_64 | 0.2.7 | 45.00 | 175.00 | 220.00 | OK |
Version: 0.2.7
Check: installed package size
Result: NOTE
installed size is 7.1Mb
sub-directories of 1Mb or more:
data 2.9Mb
libs 2.7Mb
Flavors: r-prerel-macos-arm64, r-prerel-macos-x86_64, r-release-macos-arm64, r-release-macos-x86_64, r-oldrel-macos-arm64