Last updated on 2025-11-23 17:50:22 CET.
| Flavor | Version | Tinstall | Tcheck | Ttotal | Status | Flags |
|---|---|---|---|---|---|---|
| r-devel-linux-x86_64-debian-clang | 0.2.8 | 31.56 | 104.68 | 136.24 | NOTE | |
| r-devel-linux-x86_64-debian-gcc | 0.2.8 | 21.83 | 85.94 | 107.77 | NOTE | |
| r-devel-linux-x86_64-fedora-clang | 0.2.8 | 57.00 | 166.09 | 223.09 | NOTE | |
| r-devel-linux-x86_64-fedora-gcc | 0.2.8 | 100.00 | 140.15 | 240.15 | NOTE | |
| r-devel-windows-x86_64 | 0.2.8 | 41.00 | 148.00 | 189.00 | OK | |
| r-patched-linux-x86_64 | 0.2.8 | 28.69 | 113.90 | 142.59 | OK | |
| r-release-linux-x86_64 | 0.2.8 | 28.92 | 114.47 | 143.39 | OK | |
| r-release-macos-arm64 | 0.2.8 | OK | ||||
| r-release-macos-x86_64 | 0.2.8 | 20.00 | 165.00 | 185.00 | OK | |
| r-release-windows-x86_64 | 0.2.8 | 38.00 | 148.00 | 186.00 | OK | |
| r-oldrel-macos-arm64 | 0.2.8 | NOTE | ||||
| r-oldrel-macos-x86_64 | 0.2.8 | 20.00 | 141.00 | 161.00 | NOTE | |
| r-oldrel-windows-x86_64 | 0.2.8 | 42.00 | 186.00 | 228.00 | OK |
Version: 0.2.8
Check: HTML version of manual
Result: NOTE
Found the following HTML validation problems:
prospectr.html:1056:1 (detrend.Rd:22): Warning: <script> anchor "MathJax-script" already defined
prospectr.html:1879:1 (kenStone.Rd:60): Warning: <script> anchor "MathJax-script" already defined
prospectr.html:2150:1 (msc.Rd:24): Warning: <script> anchor "MathJax-script" already defined
prospectr.html:3023:1 (savitzkyGolay.Rd:22): Warning: <script> anchor "MathJax-script" already defined
prospectr.html:3367:1 (standardNormalVariate.Rd:17): Warning: <script> anchor "MathJax-script" already defined
Flavors: r-devel-linux-x86_64-debian-clang, r-devel-linux-x86_64-debian-gcc, r-devel-linux-x86_64-fedora-clang, r-devel-linux-x86_64-fedora-gcc
Version: 0.2.8
Check: installed package size
Result: NOTE
installed size is 7.0Mb
sub-directories of 1Mb or more:
data 2.9Mb
libs 2.8Mb
Flavors: r-oldrel-macos-arm64, r-oldrel-macos-x86_64