Last updated on 2025-11-19 17:48:48 CET.
| Flavor | Version | Tinstall | Tcheck | Ttotal | Status | Flags |
|---|---|---|---|---|---|---|
| r-devel-linux-x86_64-debian-clang | 1.5.1 | 2.10 | 24.60 | 26.70 | OK | |
| r-devel-linux-x86_64-debian-gcc | 1.5.1 | 1.75 | 20.21 | 21.96 | OK | |
| r-devel-linux-x86_64-fedora-clang | 1.5.1 | 43.81 | OK | |||
| r-devel-linux-x86_64-fedora-gcc | 1.5.1 | 55.77 | OK | |||
| r-devel-windows-x86_64 | 1.5.1 | 6.00 | 43.00 | 49.00 | OK | |
| r-patched-linux-x86_64 | 1.5.1 | 2.18 | 22.91 | 25.09 | OK | |
| r-release-linux-x86_64 | 1.5.1 | 1.96 | 23.16 | 25.12 | OK | |
| r-release-macos-arm64 | 1.5.1 | OK | ||||
| r-release-macos-x86_64 | 1.5.1 | 2.00 | 37.00 | 39.00 | OK | |
| r-release-windows-x86_64 | 1.5.1 | 3.00 | 42.00 | 45.00 | OK | |
| r-oldrel-macos-arm64 | 1.5.1 | NOTE | ||||
| r-oldrel-macos-x86_64 | 1.5.1 | 2.00 | 34.00 | 36.00 | NOTE | |
| r-oldrel-windows-x86_64 | 1.5.1 | 5.00 | 49.00 | 54.00 | NOTE |
Version: 1.5.1
Check: package dependencies
Result: NOTE
Package suggested but not available for checking: ‘rdt’
Flavors: r-oldrel-macos-arm64, r-oldrel-macos-x86_64, r-oldrel-windows-x86_64