Last updated on 2025-11-23 05:50:29 CET.
| Flavor | Version | Tinstall | Tcheck | Ttotal | Status | Flags |
|---|---|---|---|---|---|---|
| r-devel-linux-x86_64-debian-clang | 0.4.0 | 1.63 | 28.48 | 30.11 | NOTE | |
| r-devel-linux-x86_64-debian-gcc | 0.4.0 | 1.49 | 23.33 | 24.82 | NOTE | |
| r-devel-linux-x86_64-fedora-clang | 0.4.0 | 45.38 | NOTE | |||
| r-devel-linux-x86_64-fedora-gcc | 0.4.0 | 11.00 | 49.10 | 60.10 | NOTE | |
| r-devel-windows-x86_64 | 0.4.0 | 5.00 | 48.00 | 53.00 | NOTE | |
| r-patched-linux-x86_64 | 0.4.0 | 1.82 | 25.62 | 27.44 | NOTE | |
| r-release-linux-x86_64 | 0.4.0 | 1.85 | 25.64 | 27.49 | NOTE | |
| r-release-macos-arm64 | 0.4.0 | NOTE | ||||
| r-release-macos-x86_64 | 0.4.0 | 2.00 | 42.00 | 44.00 | NOTE | |
| r-release-windows-x86_64 | 0.4.0 | 4.00 | 46.00 | 50.00 | NOTE | |
| r-oldrel-macos-arm64 | 0.4.0 | OK | ||||
| r-oldrel-macos-x86_64 | 0.4.0 | 1.00 | 33.00 | 34.00 | OK | |
| r-oldrel-windows-x86_64 | 0.4.0 | 5.00 | 52.00 | 57.00 | OK |
Version: 0.4.0
Check: DESCRIPTION meta-information
Result: NOTE
Missing dependency on R >= 4.1.0 because package code uses the pipe
|> or function shorthand \(...) syntax added in R 4.1.0.
File(s) using such syntax:
‘get_proverbs.R’
Flavors: r-devel-linux-x86_64-debian-clang, r-devel-linux-x86_64-debian-gcc, r-devel-linux-x86_64-fedora-clang, r-devel-linux-x86_64-fedora-gcc, r-devel-windows-x86_64, r-patched-linux-x86_64, r-release-linux-x86_64, r-release-macos-arm64, r-release-macos-x86_64, r-release-windows-x86_64