Last updated on 2025-07-27 06:49:36 CEST.
Flavor | Version | Tinstall | Tcheck | Ttotal | Status | Flags |
---|---|---|---|---|---|---|
r-devel-linux-x86_64-debian-clang | 1.7 | 10.01 | 61.81 | 71.82 | NOTE | |
r-devel-linux-x86_64-debian-gcc | 1.7 | 6.63 | 45.14 | 51.77 | NOTE | |
r-devel-linux-x86_64-fedora-clang | 1.7 | 112.15 | OK | |||
r-devel-linux-x86_64-fedora-gcc | 1.7 | 107.84 | OK | |||
r-devel-windows-x86_64 | 1.7 | 16.00 | 95.00 | 111.00 | OK | |
r-patched-linux-x86_64 | 1.7 | 11.07 | 58.30 | 69.37 | OK | |
r-release-linux-x86_64 | 1.7 | 10.05 | 58.74 | 68.79 | OK | |
r-release-macos-arm64 | 1.7 | 38.00 | OK | |||
r-release-macos-x86_64 | 1.7 | 63.00 | OK | |||
r-release-windows-x86_64 | 1.7 | 15.00 | 82.00 | 97.00 | OK | |
r-oldrel-macos-arm64 | 1.7 | 42.00 | OK | |||
r-oldrel-macos-x86_64 | 1.7 | 49.00 | OK | |||
r-oldrel-windows-x86_64 | 1.7 | 20.00 | 96.00 | 116.00 | OK |
Version: 1.7
Check: CRAN incoming feasibility
Result: NOTE
Maintainer: ‘Kyu Ha Lee <klee@hsph.harvard.edu>’
No Authors@R field in DESCRIPTION.
Please add one, modifying
Authors@R: c(person(given = c("Kyu", "Ha"),
family = "Lee",
role = c("aut", "cre"),
email = "klee@hsph.harvard.edu"),
person(given = "Sounak",
family = "Chakraborty",
role = "aut"),
person(given = "Harrison",
family = "Reeder",
role = "aut"),
person(given = c("", "Jianguo"),
family = "Sun",
role = "aut",
comment = "Tony"))
as necessary.
Flavors: r-devel-linux-x86_64-debian-clang, r-devel-linux-x86_64-debian-gcc