Last updated on 2024-03-28 06:01:34 CET.
Flavor | Version | Tinstall | Tcheck | Ttotal | Status | Flags |
---|---|---|---|---|---|---|
r-devel-linux-x86_64-debian-clang | 2.1.1 | 51.85 | 108.92 | 160.77 | NOTE | |
r-devel-linux-x86_64-debian-gcc | 2.1.1 | 39.87 | 84.13 | 124.00 | NOTE | |
r-devel-linux-x86_64-fedora-clang | 2.1.1 | 216.40 | NOTE | |||
r-devel-linux-x86_64-fedora-gcc | 2.1.1 | 228.59 | NOTE | |||
r-devel-windows-x86_64 | 2.1.1 | 39.00 | 187.00 | 226.00 | NOTE | |
r-patched-linux-x86_64 | 2.1.1 | 55.44 | 105.18 | 160.62 | OK | |
r-release-linux-x86_64 | 2.1.1 | 45.15 | 106.52 | 151.67 | OK | |
r-release-macos-arm64 | 2.1.1 | 73.00 | NOTE | |||
r-release-macos-x86_64 | 2.1.1 | 126.00 | NOTE | |||
r-release-windows-x86_64 | 2.1.1 | 50.00 | 190.00 | 240.00 | OK | |
r-oldrel-macos-arm64 | 2.1.1 | 68.00 | NOTE | |||
r-oldrel-windows-x86_64 | 2.1.1 | 46.00 | 180.00 | 226.00 | OK |
Version: 2.1.1
Check: Rd files
Result: NOTE
checkRd: (-1) riedsid.Rd:92-93: Lost braces in \itemize; meant \describe ?
checkRd: (-1) riedsid.Rd:94-96: Lost braces in \itemize; meant \describe ?
Flavors: r-devel-linux-x86_64-debian-clang, r-devel-linux-x86_64-debian-gcc, r-devel-linux-x86_64-fedora-clang, r-devel-linux-x86_64-fedora-gcc, r-devel-windows-x86_64
Version: 2.1.1
Check: installed package size
Result: NOTE
installed size is 5.2Mb
sub-directories of 1Mb or more:
doc 1.5Mb
libs 3.0Mb
Flavors: r-release-macos-arm64, r-release-macos-x86_64, r-oldrel-macos-arm64