Last updated on 2025-04-16 18:50:13 CEST.
Flavor | Version | Tinstall | Tcheck | Ttotal | Status | Flags |
---|---|---|---|---|---|---|
r-devel-linux-x86_64-debian-clang | 1.0.0 | 53.23 | 53.33 | 106.56 | OK | |
r-devel-linux-x86_64-debian-gcc | 1.0.0 | 38.13 | 36.59 | 74.72 | OK | |
r-devel-linux-x86_64-fedora-clang | 1.0.0 | 193.15 | OK | |||
r-devel-linux-x86_64-fedora-gcc | 1.0.0 | 186.08 | OK | |||
r-devel-windows-x86_64 | 1.0.0 | 65.00 | 86.00 | 151.00 | OK | |
r-patched-linux-x86_64 | 1.0.0 | 52.50 | 49.15 | 101.65 | OK | |
r-release-linux-x86_64 | 1.0.0 | 53.31 | 49.14 | 102.45 | OK | |
r-release-macos-arm64 | 1.0.0 | 48.00 | OK | |||
r-release-macos-x86_64 | 1.0.0 | 76.00 | OK | |||
r-release-windows-x86_64 | 1.0.0 | 64.00 | 81.00 | 145.00 | OK | |
r-oldrel-macos-arm64 | 1.0.0 | 58.00 | OK | |||
r-oldrel-macos-x86_64 | 1.0.0 | 88.00 | NOTE | |||
r-oldrel-windows-x86_64 | 1.0.0 | 71.00 | 105.00 | 176.00 | OK |
Version: 1.0.0
Check: installed package size
Result: NOTE
installed size is 5.0Mb
sub-directories of 1Mb or more:
libs 4.8Mb
Flavor: r-oldrel-macos-x86_64