CRAN Package Check Results for Package psgp

Last updated on 2025-04-16 18:50:13 CEST.

Flavor Version Tinstall Tcheck Ttotal Status Flags
r-devel-linux-x86_64-debian-clang 0.3-21 172.05 86.49 258.54 OK
r-devel-linux-x86_64-debian-gcc 0.3-21 114.20 61.64 175.84 OK
r-devel-linux-x86_64-fedora-clang 0.3-21 530.44 OK
r-devel-linux-x86_64-fedora-gcc 0.3-21 473.83 OK
r-devel-windows-x86_64 0.3-21 197.00 113.00 310.00 OK
r-patched-linux-x86_64 0.3-21 165.21 81.45 246.66 OK
r-release-linux-x86_64 0.3-21 157.85 82.24 240.09 OK
r-release-macos-arm64 0.3-21 96.00 OK
r-release-macos-x86_64 0.3-21 135.00 OK
r-release-windows-x86_64 0.3-21 201.00 115.00 316.00 OK
r-oldrel-macos-arm64 0.3-21 105.00 NOTE
r-oldrel-macos-x86_64 0.3-21 116.00 NOTE
r-oldrel-windows-x86_64 0.3-21 235.00 145.00 380.00 OK

Check Details

Version: 0.3-21
Check: installed package size
Result: NOTE installed size is 7.4Mb sub-directories of 1Mb or more: libs 7.3Mb Flavors: r-oldrel-macos-arm64, r-oldrel-macos-x86_64