Last updated on 2024-07-23 18:59:08 CEST.
Flavor | Version | Tinstall | Tcheck | Ttotal | Status | Flags |
---|---|---|---|---|---|---|
r-devel-linux-x86_64-debian-clang | 2.2 | 4.70 | 57.29 | 61.99 | OK | |
r-devel-linux-x86_64-debian-gcc | 2.2 | 4.28 | 44.02 | 48.30 | OK | |
r-devel-linux-x86_64-fedora-clang | 2.2 | 79.58 | ERROR | |||
r-devel-linux-x86_64-fedora-gcc | 2.2 | 77.96 | OK | |||
r-devel-windows-x86_64 | 2.2 | 6.00 | 75.00 | 81.00 | OK | |
r-patched-linux-x86_64 | 2.2 | 5.50 | 55.94 | 61.44 | OK | |
r-release-linux-x86_64 | 2.2 | 4.97 | 57.00 | 61.97 | OK | |
r-release-macos-arm64 | 2.2 | 31.00 | OK | |||
r-release-macos-x86_64 | 2.2 | 69.00 | OK | |||
r-release-windows-x86_64 | 2.2 | 5.00 | 72.00 | 77.00 | OK | |
r-oldrel-macos-arm64 | 2.2 | 35.00 | OK | |||
r-oldrel-macos-x86_64 | 2.2 | 62.00 | OK | |||
r-oldrel-windows-x86_64 | 2.2 | 7.00 | 83.00 | 90.00 | OK |
Version: 2.2
Check: tests
Result: ERROR
Running ‘testthat.R’ [8s/73s]
Running the tests in ‘tests/testthat.R’ failed.
Complete output:
> library(testthat)
> library(psidR)
>
> test_check("psidR")
DEBUG [2024-07-19 12:59:19] years:
[1] 1985 1986
DEBUG [2024-07-19 12:59:19] datadir: /data/gannet/ripley/R/packages/tests-clang/psidR.Rcheck/psidR/testdata/
DEBUG [2024-07-19 12:59:19] any.wealth? 0
DEBUG [2024-07-19 12:59:19] datadir contains:
[1] "FAM1985ER.rda" "FAM1986ER.RData" "IND2017ER.RData"
DEBUG [2024-07-19 12:59:19] family df:
year file
18 1985 1074
19 1986 1075
INFO [2024-07-19 12:59:19] found FAM1985ER.rda already downloaded
INFO [2024-07-19 12:59:20] found FAM1986ER.rda already downloaded
INFO [2024-07-19 12:59:20] Will download missing datasets now
INFO [2024-07-19 12:59:20] will download latest individual index: IND2021ER
This can take several hours/days to download.
want to go ahead? give me 'yes' or 'no'.
INFO [2024-07-19 12:59:20] psidR: Loading Family data from .rda files
INFO [2024-07-19 12:59:20] psidR: loaded individual file: /data/gannet/ripley/R/packages/tests-clang/psidR.Rcheck/psidR/testdata/IND2017ER.RData
INFO [2024-07-19 12:59:20] psidR: total memory load in MB: 1
DEBUG [2024-07-19 12:59:20] psidR: here is the list of hardcoded PSID variables
DEBUG [2024-07-19 12:59:20] psidR: The merge is based on equal values in ind.interview and fam.interview
DEBUG [2024-07-19 12:59:20] ids:
Key: <year>
year ind.interview ind.seq ind.head ind.head.num fam.interview stratum
<num> <char> <char> <char> <num> <char> <char>
1: 1968 ER30001 <NA> ER30003 1 V3 ER31996
2: 1969 ER30020 ER30021 ER30022 1 V442 ER31996
3: 1970 ER30043 ER30044 ER30045 1 V1102 ER31996
4: 1971 ER30067 ER30068 ER30069 1 V1802 ER31996
5: 1972 ER30091 ER30092 ER30093 1 V2402 ER31996
6: 1973 ER30117 ER30118 ER30119 1 V3002 ER31996
7: 1974 ER30138 ER30139 ER30140 1 V3402 ER31996
8: 1975 ER30160 ER30161 ER30162 1 V3802 ER31996
9: 1976 ER30188 ER30189 ER30190 1 V4302 ER31996
10: 1977 ER30217 ER30218 ER30219 1 V5202 ER31996
11: 1978 ER30246 ER30247 ER30248 1 V5702 ER31996
12: 1979 ER30283 ER30284 ER30285 1 V6302 ER31996
13: 1980 ER30313 ER30314 ER30315 1 V6902 ER31996
14: 1981 ER30343 ER30344 ER30345 1 V7502 ER31996
15: 1982 ER30373 ER30374 ER30375 1 V8202 ER31996
16: 1983 ER30399 ER30400 ER30401 10 V8802 ER31996
17: 1984 ER30429 ER30430 ER30431 10 V10002 ER31996
18: 1985 ER30463 ER30464 ER30465 10 V11102 ER31996
19: 1986 ER30498 ER30499 ER30500 10 V12502 ER31996
20: 1987 ER30535 ER30536 ER30537 10 V13702 ER31996
21: 1988 ER30570 ER30571 ER30572 10 V14802 ER31996
22: 1989 ER30606 ER30607 ER30608 10 V16302 ER31996
23: 1990 ER30642 ER30643 ER30644 10 V17702 ER31996
24: 1991 ER30689 ER30690 ER30691 10 V19002 ER31996
25: 1992 ER30733 ER30734 ER30735 10 V20302 ER31996
26: 1993 ER30806 ER30807 ER30808 10 V21602 ER31996
27: 1994 ER33101 ER33102 ER33103 10 ER2002 ER31996
28: 1995 ER33201 ER33202 ER33203 10 ER5002 ER31996
29: 1996 ER33301 ER33302 ER33303 10 ER7002 ER31996
30: 1997 ER33401 ER33402 ER33403 10 ER10002 ER31996
31: 1999 ER33501 ER33502 ER33503 10 ER13002 ER31996
32: 2001 ER33601 ER33602 ER33603 10 ER17002 ER31996
33: 2003 ER33701 ER33702 ER33703 10 ER21002 ER31996
34: 2005 ER33801 ER33802 ER33803 10 ER25002 ER31996
35: 2007 ER33901 ER33902 ER33903 10 ER36002 ER31996
36: 2009 ER34001 ER34002 ER34003 10 ER42002 ER31996
37: 2011 ER34101 ER34102 ER34103 10 ER47302 ER31996
38: 2013 ER34201 ER34202 ER34203 10 ER53002 ER31996
39: 2015 ER34301 ER34302 ER34303 10 ER60002 ER31996
40: 2017 ER34501 ER34502 ER34503 10 ER66002 ER31996
41: 2019 ER34701 ER34702 ER34703 10 ER72002 ER31996
42: 2021 ER34901 ER34902 ER34903 10 ER78002 ER31996
year ind.interview ind.seq ind.head ind.head.num fam.interview stratum
INFO [2024-07-19 12:59:20] psidR: currently working on data for year 1985
DEBUG [2024-07-19 12:59:20] ind.vars.yr:
ind.weight
<char>
1: ER30497
DEBUG [2024-07-19 12:59:20] ind.notnas:
ind.weight
<char>
1: ER30497
DEBUG [2024-07-19 12:59:20] loaded family file: /data/gannet/ripley/R/packages/tests-clang/psidR.Rcheck/psidR/testdata/FAM1985ER.rda
DEBUG [2024-07-19 12:59:20] current memory load in MB: 1
INFO [2024-07-19 12:59:20] psidR: currently working on data for year 1986
DEBUG [2024-07-19 12:59:20] ind.vars.yr:
ind.weight
<char>
1: ER30534
DEBUG [2024-07-19 12:59:20] ind.notnas:
ind.weight
<char>
1: ER30534
DEBUG [2024-07-19 12:59:20] loaded family file: /data/gannet/ripley/R/packages/tests-clang/psidR.Rcheck/psidR/testdata/FAM1986ER.RData
DEBUG [2024-07-19 12:59:20] current memory load in MB: 1
INFO [2024-07-19 12:59:21] End of build.panel
INFO [2024-07-19 12:59:23] found FAM1985ER.rda already downloaded
INFO [2024-07-19 12:59:23] found FAM1986ER.rda already downloaded
INFO [2024-07-19 12:59:23] Will download missing datasets now
INFO [2024-07-19 12:59:23] will download latest individual index: IND2021ER
This can take several hours/days to download.
want to go ahead? give me 'yes' or 'no'.
INFO [2024-07-19 12:59:23] psidR: Loading Family data from .rda files
INFO [2024-07-19 12:59:23] psidR: loaded individual file: /data/gannet/ripley/R/packages/tests-clang/psidR.Rcheck/psidR/testdata/IND2017ER.RData
INFO [2024-07-19 12:59:23] psidR: total memory load in MB: 1
INFO [2024-07-19 12:59:23] psidR: currently working on data for year 1985
INFO [2024-07-19 12:59:23] psidR: currently working on data for year 1986
INFO [2024-07-19 12:59:23] balanced design reduces sample from 2993 to 1986
INFO [2024-07-19 12:59:23] End of build.panel
INFO [2024-07-19 12:59:23] found FAM1985ER.rda already downloaded
INFO [2024-07-19 12:59:23] found FAM1986ER.rda already downloaded
INFO [2024-07-19 12:59:23] Will download missing datasets now
INFO [2024-07-19 12:59:24] will download latest individual index: IND2021ER
This can take several hours/days to download.
want to go ahead? give me 'yes' or 'no'.
INFO [2024-07-19 12:59:24] psidR: Loading Family data from .rda files
INFO [2024-07-19 12:59:24] psidR: loaded individual file: /data/gannet/ripley/R/packages/tests-clang/psidR.Rcheck/psidR/testdata/IND2017ER.RData
INFO [2024-07-19 12:59:24] psidR: total memory load in MB: 1
INFO [2024-07-19 12:59:24] psidR: currently working on data for year 1985
INFO [2024-07-19 12:59:24] dropping non-heads leaves 1037 obs
INFO [2024-07-19 12:59:24] psidR: currently working on data for year 1986
INFO [2024-07-19 12:59:24] dropping non-heads leaves 985 obs
INFO [2024-07-19 12:59:24] End of build.panel
INFO [2024-07-19 12:59:24] found FAM1985ER.rda already downloaded
INFO [2024-07-19 12:59:24] found FAM1986ER.rda already downloaded
INFO [2024-07-19 12:59:24] Will download missing datasets now
INFO [2024-07-19 12:59:24] will download latest individual index: IND2021ER
This can take several hours/days to download.
want to go ahead? give me 'yes' or 'no'.
INFO [2024-07-19 12:59:24] psidR: Loading Family data from .rda files
INFO [2024-07-19 12:59:24] psidR: loaded individual file: /data/gannet/ripley/R/packages/tests-clang/psidR.Rcheck/psidR/testdata/IND2017ER.RData
INFO [2024-07-19 12:59:25] psidR: total memory load in MB: 1
INFO [2024-07-19 12:59:25] psidR: currently working on data for year 1985
INFO [2024-07-19 12:59:25] dropping non-current-heads leaves 805 obs
INFO [2024-07-19 12:59:25] psidR: currently working on data for year 1986
INFO [2024-07-19 12:59:25] dropping non-current-heads leaves 751 obs
INFO [2024-07-19 12:59:25] End of build.panel
INFO [2024-07-19 12:59:26] found FAM1985ER.rda already downloaded
INFO [2024-07-19 12:59:26] found FAM1986ER.rda already downloaded
INFO [2024-07-19 12:59:26] Will download missing datasets now
INFO [2024-07-19 12:59:26] will download latest individual index: IND2021ER
This can take several hours/days to download.
want to go ahead? give me 'yes' or 'no'.
INFO [2024-07-19 12:59:26] psidR: Loading Family data from .rda files
INFO [2024-07-19 12:59:26] psidR: loaded individual file: /data/gannet/ripley/R/packages/tests-clang/psidR.Rcheck/psidR/testdata/IND2017ER.RData
INFO [2024-07-19 12:59:26] psidR: total memory load in MB: 1
INFO [2024-07-19 12:59:26] psidR: currently working on data for year 1985
INFO [2024-07-19 12:59:26] full 1985 sample has 2000 obs
INFO [2024-07-19 12:59:26] you selected 500 obs belonging to SRC
INFO [2024-07-19 12:59:26] psidR: currently working on data for year 1986
INFO [2024-07-19 12:59:26] full 1986 sample has 2000 obs
INFO [2024-07-19 12:59:26] you selected 500 obs belonging to SRC
INFO [2024-07-19 12:59:26] End of build.panel
INFO [2024-07-19 12:59:26] found FAM1985ER.rda already downloaded
INFO [2024-07-19 12:59:26] found FAM1986ER.rda already downloaded
INFO [2024-07-19 12:59:26] Will download missing datasets now
INFO [2024-07-19 12:59:26] will download latest individual index: IND2021ER
This can take several hours/days to download.
want to go ahead? give me 'yes' or 'no'.
INFO [2024-07-19 12:59:26] psidR: Loading Family data from .rda files
INFO [2024-07-19 12:59:26] psidR: loaded individual file: /data/gannet/ripley/R/packages/tests-clang/psidR.Rcheck/psidR/testdata/IND2017ER.RData
INFO [2024-07-19 12:59:26] psidR: total memory load in MB: 1
INFO [2024-07-19 12:59:26] psidR: currently working on data for year 1985
INFO [2024-07-19 12:59:26] full 1985 sample has 2000 obs
INFO [2024-07-19 12:59:26] you selected 500 obs belonging to SEO
INFO [2024-07-19 12:59:26] psidR: currently working on data for year 1986
INFO [2024-07-19 12:59:27] full 1986 sample has 2000 obs
INFO [2024-07-19 12:59:27] you selected 500 obs belonging to SEO
INFO [2024-07-19 12:59:27] End of build.panel
INFO [2024-07-19 12:59:27] found FAM1985ER.rda already downloaded
INFO [2024-07-19 12:59:27] found FAM1986ER.rda already downloaded
INFO [2024-07-19 12:59:27] Will download missing datasets now
INFO [2024-07-19 12:59:27] will download latest individual index: IND2021ER
This can take several hours/days to download.
want to go ahead? give me 'yes' or 'no'.
INFO [2024-07-19 12:59:27] psidR: Loading Family data from .rda files
INFO [2024-07-19 12:59:27] psidR: loaded individual file: /data/gannet/ripley/R/packages/tests-clang/psidR.Rcheck/psidR/testdata/IND2017ER.RData
INFO [2024-07-19 12:59:27] psidR: total memory load in MB: 1
INFO [2024-07-19 12:59:27] psidR: currently working on data for year 1985
INFO [2024-07-19 12:59:27] full 1985 sample has 2000 obs
INFO [2024-07-19 12:59:27] you selected 500 obs belonging to latino
INFO [2024-07-19 12:59:27] psidR: currently working on data for year 1986
INFO [2024-07-19 12:59:27] full 1986 sample has 2000 obs
INFO [2024-07-19 12:59:27] you selected 500 obs belonging to latino
INFO [2024-07-19 12:59:27] End of build.panel
INFO [2024-07-19 12:59:27] found FAM1985ER.rda already downloaded
INFO [2024-07-19 12:59:27] found FAM1986ER.rda already downloaded
INFO [2024-07-19 12:59:27] Will download missing datasets now
INFO [2024-07-19 12:59:27] will download latest individual index: IND2021ER
This can take several hours/days to download.
want to go ahead? give me 'yes' or 'no'.
INFO [2024-07-19 12:59:27] psidR: Loading Family data from .rda files
INFO [2024-07-19 12:59:27] psidR: loaded individual file: /data/gannet/ripley/R/packages/tests-clang/psidR.Rcheck/psidR/testdata/IND2017ER.RData
INFO [2024-07-19 12:59:27] psidR: total memory load in MB: 1
INFO [2024-07-19 12:59:27] psidR: currently working on data for year 1985
INFO [2024-07-19 12:59:27] full 1985 sample has 2000 obs
INFO [2024-07-19 12:59:27] you selected 500 obs belonging to immigrant
INFO [2024-07-19 12:59:27] psidR: currently working on data for year 1986
INFO [2024-07-19 12:59:27] full 1986 sample has 2000 obs
INFO [2024-07-19 12:59:27] you selected 500 obs belonging to immigrant
INFO [2024-07-19 12:59:28] End of build.panel
[ FAIL 1 | WARN 1 | SKIP 0 | PASS 22 ]
══ Failed tests ════════════════════════════════════════════════════════════════
── Error ('test_buildpanel.R:118:5'): wrong famvars and indvars raises an error ──
Error in `download.file(url = xlsxFile, destfile = tmpFile, cacheOK = FALSE,
mode = "wb", quiet = TRUE)`: cannot open URL 'http://psidonline.isr.umich.edu/help/xyr/psid.xlsx'
Backtrace:
▆
1. ├─openxlsx::read.xlsx("http://psidonline.isr.umich.edu/help/xyr/psid.xlsx") at test_buildpanel.R:118:5
2. └─openxlsx:::read.xlsx.default("http://psidonline.isr.umich.edu/help/xyr/psid.xlsx")
3. └─openxlsx:::getFile(xlsxFile)
4. └─utils::download.file(...)
[ FAIL 1 | WARN 1 | SKIP 0 | PASS 22 ]
Error: Test failures
Execution halted
Flavor: r-devel-linux-x86_64-fedora-clang