Last updated on 2024-07-23 18:59:08 CEST.
Flavor | Version | Tinstall | Tcheck | Ttotal | Status | Flags |
---|---|---|---|---|---|---|
r-devel-linux-x86_64-debian-clang | 2.8 | 8.22 | 28.24 | 36.46 | OK | |
r-devel-linux-x86_64-debian-gcc | 2.8 | 6.67 | 21.77 | 28.44 | OK | |
r-devel-linux-x86_64-fedora-clang | 2.8 | 53.72 | NOTE | |||
r-devel-linux-x86_64-fedora-gcc | 2.8 | 49.09 | NOTE | |||
r-devel-windows-x86_64 | 2.8 | 11.00 | 54.00 | 65.00 | OK | |
r-patched-linux-x86_64 | 2.8 | 8.34 | 27.71 | 36.05 | OK | |
r-release-linux-x86_64 | 2.8 | 8.21 | 26.96 | 35.17 | OK | |
r-release-macos-arm64 | 2.8 | 22.00 | OK | |||
r-release-macos-x86_64 | 2.8 | 33.00 | OK | |||
r-release-windows-x86_64 | 2.8 | 11.00 | 53.00 | 64.00 | OK | |
r-oldrel-macos-arm64 | 2.8 | 23.00 | OK | |||
r-oldrel-macos-x86_64 | 2.8 | 33.00 | OK | |||
r-oldrel-windows-x86_64 | 2.8 | 12.00 | 69.00 | 81.00 | OK |
Version: 2.8
Check: compiled code
Result: NOTE
File ‘ptinpoly/libs/ptinpoly.so’:
Found no calls to: ‘R_registerRoutines’, ‘R_useDynamicSymbols’
It is good practice to register native routines and to disable symbol
search.
See ‘Writing portable packages’ in the ‘Writing R Extensions’ manual.
Flavors: r-devel-linux-x86_64-fedora-clang, r-devel-linux-x86_64-fedora-gcc