Last updated on 2024-04-19 19:50:23 CEST.
Flavor | Version | Tinstall | Tcheck | Ttotal | Status | Flags |
---|---|---|---|---|---|---|
r-devel-linux-x86_64-debian-clang | 1.9-16 | 6.59 | 58.47 | 65.06 | NOTE | |
r-devel-linux-x86_64-debian-gcc | 1.9-16 | NOTE | ||||
r-devel-linux-x86_64-fedora-clang | 1.9-16 | 78.19 | NOTE | |||
r-devel-linux-x86_64-fedora-gcc | 1.9-16 | 75.62 | NOTE | |||
r-prerel-macos-arm64 | 1.9-16 | 29.00 | NOTE | |||
r-prerel-windows-x86_64 | 1.9-16 | 10.00 | 65.00 | 75.00 | NOTE | |
r-patched-linux-x86_64 | 1.9-16 | 6.99 | 57.08 | 64.07 | NOTE | |
r-release-linux-x86_64 | 1.9-16 | 6.44 | 57.01 | 63.45 | OK | |
r-release-macos-arm64 | 1.9-16 | 30.00 | OK | |||
r-release-macos-x86_64 | 1.9-16 | 44.00 | OK | |||
r-release-windows-x86_64 | 1.9-16 | 10.00 | 70.00 | 80.00 | OK | |
r-oldrel-macos-arm64 | 1.9-16 | 30.00 | OK | |||
r-oldrel-windows-x86_64 | 1.9-16 | 12.00 | 79.00 | 91.00 | OK |
Version: 1.9-16
Check: Rd files
Result: NOTE
checkRd: (-1) ptw-package.Rd:20-28: Lost braces
20 | @Article{Bloemberg2010,
| ^
checkRd: (-1) ptw-package.Rd:30-38: Lost braces
30 | Article{Wehrens2015,
| ^
Flavors: r-devel-linux-x86_64-debian-clang, r-devel-linux-x86_64-debian-gcc, r-devel-linux-x86_64-fedora-clang, r-devel-linux-x86_64-fedora-gcc, r-prerel-macos-arm64, r-prerel-windows-x86_64, r-patched-linux-x86_64