Last updated on 2025-11-03 17:49:59 CET.
| Flavor | Version | Tinstall | Tcheck | Ttotal | Status | Flags |
|---|---|---|---|---|---|---|
| r-devel-linux-x86_64-debian-clang | 0.1.0 | 2.70 | 33.34 | 36.04 | OK | |
| r-devel-linux-x86_64-debian-gcc | 0.1.0 | 2.53 | 26.37 | 28.90 | OK | |
| r-devel-linux-x86_64-fedora-clang | 0.1.0 | 53.15 | OK | |||
| r-devel-linux-x86_64-fedora-gcc | 0.1.0 | 51.03 | OK | |||
| r-devel-windows-x86_64 | 0.1.0 | 6.00 | 54.00 | 60.00 | OK | |
| r-patched-linux-x86_64 | 0.1.0 | 3.01 | 31.12 | 34.13 | OK | |
| r-release-linux-x86_64 | 0.1.0 | 3.07 | 30.74 | 33.81 | OK | |
| r-release-macos-arm64 | 0.1.0 | 2.00 | 19.00 | 21.00 | OK | |
| r-release-macos-x86_64 | 0.1.0 | 3.00 | 35.00 | 38.00 | OK | |
| r-release-windows-x86_64 | 0.1.0 | 5.00 | 52.00 | 57.00 | OK | |
| r-oldrel-macos-arm64 | 0.1.0 | 2.00 | 20.00 | 22.00 | NOTE | |
| r-oldrel-macos-x86_64 | 0.1.0 | 3.00 | 29.00 | 32.00 | NOTE | |
| r-oldrel-windows-x86_64 | 0.1.0 | 7.00 | 62.00 | 69.00 | NOTE |
Version: 0.1.0
Check: LazyData
Result: NOTE
'LazyData' is specified without a 'data' directory
Flavors: r-oldrel-macos-arm64, r-oldrel-macos-x86_64, r-oldrel-windows-x86_64