Last updated on 2024-07-03 18:57:44 CEST.
Flavor | Version | Tinstall | Tcheck | Ttotal | Status | Flags |
---|---|---|---|---|---|---|
r-devel-linux-x86_64-debian-clang | 0.0.1 | 2.98 | 32.08 | 35.06 | OK | |
r-devel-linux-x86_64-debian-gcc | 0.0.1 | 2.18 | 23.73 | 25.91 | OK | |
r-devel-linux-x86_64-fedora-clang | 0.0.1 | 44.82 | NOTE | |||
r-devel-linux-x86_64-fedora-gcc | 0.0.1 | 41.86 | NOTE | |||
r-devel-windows-x86_64 | 0.0.1 | 5.00 | 48.00 | 53.00 | OK | |
r-patched-linux-x86_64 | 0.0.1 | 2.67 | 30.35 | 33.02 | OK | |
r-release-linux-x86_64 | 0.0.1 | 2.60 | 30.11 | 32.71 | OK | |
r-release-macos-arm64 | 0.0.1 | 19.00 | OK | |||
r-release-macos-x86_64 | 0.0.1 | 25.00 | OK | |||
r-release-windows-x86_64 | 0.0.1 | 5.00 | 46.00 | 51.00 | OK | |
r-oldrel-macos-arm64 | 0.0.1 | 20.00 | OK | |||
r-oldrel-macos-x86_64 | 0.0.1 | 27.00 | OK | |||
r-oldrel-windows-x86_64 | 0.0.1 | 6.00 | 52.00 | 58.00 | OK |
Version: 0.0.1
Check: dependencies in R code
Result: NOTE
Namespaces in Imports field not imported from:
‘kableExtra’ ‘readr’ ‘tidyverse’
All declared Imports should be used.
Flavors: r-devel-linux-x86_64-fedora-clang, r-devel-linux-x86_64-fedora-gcc