Last updated on 2024-04-24 07:15:14 CEST.
Flavor | Version | Tinstall | Tcheck | Ttotal | Status | Flags |
---|---|---|---|---|---|---|
r-devel-linux-x86_64-debian-clang | 0.1-2 | 2.70 | 26.65 | 29.35 | NOTE | |
r-devel-linux-x86_64-debian-gcc | 0.1-2 | 2.54 | 20.62 | 23.16 | NOTE | |
r-devel-linux-x86_64-fedora-clang | 0.1-2 | 38.98 | NOTE | |||
r-devel-linux-x86_64-fedora-gcc | 0.1-2 | 36.18 | NOTE | |||
r-prerel-macos-arm64 | 0.1-2 | 18.00 | NOTE | |||
r-prerel-windows-x86_64 | 0.1-2 | 3.00 | 43.00 | 46.00 | NOTE | |
r-patched-linux-x86_64 | 0.1-2 | 3.02 | 26.39 | 29.41 | NOTE | |
r-release-linux-x86_64 | 0.1-2 | 2.53 | 25.87 | 28.40 | NOTE | |
r-release-macos-arm64 | 0.1-2 | 18.00 | NOTE | |||
r-release-macos-x86_64 | 0.1-2 | 23.00 | NOTE | |||
r-release-windows-x86_64 | 0.1-2 | 3.00 | 43.00 | 46.00 | NOTE | |
r-oldrel-macos-arm64 | 0.1-2 | 20.00 | OK | |||
r-oldrel-windows-x86_64 | 0.1-2 | 5.00 | 44.00 | 49.00 | OK |
Version: 0.1-2
Check: Rd files
Result: NOTE
checkRd: (-1) aid_st2.Rd:6: Escaped LaTeX specials: \&
Flavors: r-devel-linux-x86_64-debian-clang, r-devel-linux-x86_64-debian-gcc, r-devel-linux-x86_64-fedora-clang, r-devel-linux-x86_64-fedora-gcc, r-prerel-macos-arm64, r-prerel-windows-x86_64, r-patched-linux-x86_64, r-release-linux-x86_64, r-release-macos-arm64, r-release-macos-x86_64, r-release-windows-x86_64