Last updated on 2024-03-28 17:49:38 CET.
Flavor | Version | Tinstall | Tcheck | Ttotal | Status | Flags |
---|---|---|---|---|---|---|
r-devel-linux-x86_64-debian-clang | 0.1.8 | 20.23 | 35.85 | 56.08 | NOTE | |
r-devel-linux-x86_64-debian-gcc | 0.1.8 | 14.93 | 27.35 | 42.28 | NOTE | |
r-devel-linux-x86_64-fedora-clang | 0.1.8 | 78.57 | NOTE | |||
r-devel-linux-x86_64-fedora-gcc | 0.1.8 | 76.32 | NOTE | |||
r-devel-windows-x86_64 | 0.1.8 | 16.00 | 63.00 | 79.00 | NOTE | |
r-patched-linux-x86_64 | 0.1.8 | 23.24 | 35.36 | 58.60 | NOTE | |
r-release-linux-x86_64 | 0.1.8 | 19.30 | 35.51 | 54.81 | NOTE | |
r-release-macos-arm64 | 0.1.8 | 30.00 | NOTE | |||
r-release-macos-x86_64 | 0.1.8 | 39.00 | NOTE | |||
r-release-windows-x86_64 | 0.1.8 | 17.00 | 74.00 | 91.00 | NOTE | |
r-oldrel-macos-arm64 | 0.1.8 | 25.00 | NOTE | |||
r-oldrel-windows-x86_64 | 0.1.8 | 22.00 | 75.00 | 97.00 | NOTE |
Version: 0.1.8
Check: LazyData
Result: NOTE
'LazyData' is specified without a 'data' directory
Flavors: r-devel-linux-x86_64-debian-clang, r-devel-linux-x86_64-debian-gcc, r-devel-linux-x86_64-fedora-clang, r-devel-linux-x86_64-fedora-gcc, r-devel-windows-x86_64, r-patched-linux-x86_64, r-release-linux-x86_64, r-release-macos-arm64, r-release-macos-x86_64, r-release-windows-x86_64, r-oldrel-macos-arm64, r-oldrel-windows-x86_64