Last updated on 2025-11-04 05:51:21 CET.
| Flavor | Version | Tinstall | Tcheck | Ttotal | Status | Flags | 
|---|---|---|---|---|---|---|
| r-devel-linux-x86_64-debian-clang | 1.19 | 13.57 | 62.30 | 75.87 | NOTE | |
| r-devel-linux-x86_64-debian-gcc | 1.19 | 9.28 | 41.84 | 51.12 | NOTE | |
| r-devel-linux-x86_64-fedora-clang | 1.19 | 28.00 | 86.30 | 114.30 | NOTE | |
| r-devel-linux-x86_64-fedora-gcc | 1.19 | 30.00 | 80.07 | 110.07 | NOTE | |
| r-devel-windows-x86_64 | 1.19 | 13.00 | 88.00 | 101.00 | NOTE | |
| r-patched-linux-x86_64 | 1.19 | 13.36 | 59.46 | 72.82 | NOTE | |
| r-release-linux-x86_64 | 1.19 | 12.01 | 59.51 | 71.52 | NOTE | |
| r-release-macos-arm64 | 1.19 | 6.00 | 29.00 | 35.00 | NOTE | |
| r-release-macos-x86_64 | 1.19 | 13.00 | 65.00 | 78.00 | NOTE | |
| r-release-windows-x86_64 | 1.19 | 14.00 | 88.00 | 102.00 | NOTE | |
| r-oldrel-macos-arm64 | 1.19 | 6.00 | 30.00 | 36.00 | NOTE | |
| r-oldrel-macos-x86_64 | 1.19 | 9.00 | 53.00 | 62.00 | NOTE | |
| r-oldrel-windows-x86_64 | 1.19 | 12.00 | 88.00 | 100.00 | NOTE | 
Version: 1.19
Check: package subdirectories
Result: NOTE
  Problems with news in ‘NEWS.md’:
  No news entries found.
Flavors: r-devel-linux-x86_64-debian-clang, r-devel-linux-x86_64-debian-gcc, r-devel-linux-x86_64-fedora-clang, r-devel-linux-x86_64-fedora-gcc, r-devel-windows-x86_64, r-patched-linux-x86_64, r-release-linux-x86_64, r-release-macos-arm64, r-release-macos-x86_64, r-release-windows-x86_64, r-oldrel-macos-arm64, r-oldrel-macos-x86_64, r-oldrel-windows-x86_64