Last updated on 2025-11-03 17:49:59 CET.
| Flavor | Version | Tinstall | Tcheck | Ttotal | Status | Flags |
|---|---|---|---|---|---|---|
| r-devel-linux-x86_64-debian-clang | 0.1.9 | 1.91 | 27.82 | 29.73 | NOTE | |
| r-devel-linux-x86_64-debian-gcc | 0.1.9 | 1.49 | 22.75 | 24.24 | NOTE | |
| r-devel-linux-x86_64-fedora-clang | 0.1.9 | 43.89 | OK | |||
| r-devel-linux-x86_64-fedora-gcc | 0.1.9 | 73.17 | OK | |||
| r-devel-windows-x86_64 | 0.1.9 | 4.00 | 45.00 | 49.00 | OK | |
| r-patched-linux-x86_64 | 0.1.9 | 1.97 | 25.69 | 27.66 | OK | |
| r-release-linux-x86_64 | 0.1.9 | 1.86 | 25.76 | 27.62 | OK | |
| r-release-macos-arm64 | 0.1.9 | 1.00 | 27.00 | 28.00 | OK | |
| r-release-macos-x86_64 | 0.1.9 | 2.00 | 51.00 | 53.00 | OK | |
| r-release-windows-x86_64 | 0.1.9 | 5.00 | 45.00 | 50.00 | OK | |
| r-oldrel-macos-arm64 | 0.1.9 | 1.00 | 24.00 | 25.00 | OK | |
| r-oldrel-macos-x86_64 | 0.1.9 | 2.00 | 39.00 | 41.00 | OK | |
| r-oldrel-windows-x86_64 | 0.1.9 | 3.00 | 54.00 | 57.00 | OK |
Version: 0.1.9
Check: CRAN incoming feasibility
Result: NOTE
Maintainer: ‘Stephen Turner <vustephen@gmail.com>’
No Authors@R field in DESCRIPTION.
Please add one, modifying
Authors@R: person(given = "Stephen",
family = "Turner",
role = c("aut", "cre"),
email = "vustephen@gmail.com")
as necessary.
Flavors: r-devel-linux-x86_64-debian-clang, r-devel-linux-x86_64-debian-gcc