CRAN Package Check Results for Package qris

Last updated on 2025-04-15 06:51:52 CEST.

Flavor Version Tinstall Tcheck Ttotal Status Flags
r-devel-linux-x86_64-debian-clang 1.1.1 51.77 100.58 152.35 NOTE
r-devel-linux-x86_64-debian-gcc 1.1.1 35.62 75.74 111.36 NOTE
r-devel-linux-x86_64-fedora-clang 1.1.1 261.85 NOTE
r-devel-linux-x86_64-fedora-gcc 1.1.1 239.73 NOTE
r-devel-windows-x86_64 1.1.1 58.00 123.00 181.00 NOTE
r-patched-linux-x86_64 1.1.1 51.72 95.40 147.12 NOTE
r-release-linux-x86_64 1.1.1 51.12 94.11 145.23 NOTE
r-release-macos-arm64 1.1.1 61.00 NOTE
r-release-macos-x86_64 1.1.1 103.00 NOTE
r-release-windows-x86_64 1.1.1 64.00 117.00 181.00 NOTE
r-oldrel-macos-arm64 1.1.1 61.00 NOTE
r-oldrel-macos-x86_64 1.1.1 89.00 NOTE
r-oldrel-windows-x86_64 1.1.1 73.00 150.00 223.00 NOTE

Check Details

Version: 1.1.1
Check: C++ specification
Result: NOTE Specified C++11: please drop specification unless essential Flavors: r-devel-linux-x86_64-debian-clang, r-devel-linux-x86_64-debian-gcc, r-devel-linux-x86_64-fedora-clang, r-devel-linux-x86_64-fedora-gcc, r-devel-windows-x86_64, r-patched-linux-x86_64, r-release-linux-x86_64, r-release-macos-arm64, r-release-macos-x86_64, r-release-windows-x86_64, r-oldrel-macos-arm64, r-oldrel-macos-x86_64, r-oldrel-windows-x86_64