Last updated on 2025-11-04 05:51:21 CET.
| Flavor | Version | Tinstall | Tcheck | Ttotal | Status | Flags | 
|---|---|---|---|---|---|---|
| r-devel-linux-x86_64-debian-clang | 0.1.0 | 1.66 | 16.99 | 18.65 | NOTE | |
| r-devel-linux-x86_64-debian-gcc | 0.1.0 | 1.25 | 14.59 | 15.84 | NOTE | |
| r-devel-linux-x86_64-fedora-clang | 0.1.0 | 28.11 | OK | |||
| r-devel-linux-x86_64-fedora-gcc | 0.1.0 | 26.62 | OK | |||
| r-devel-windows-x86_64 | 0.1.0 | 3.00 | 36.00 | 39.00 | OK | |
| r-patched-linux-x86_64 | 0.1.0 | 1.60 | 16.30 | 17.90 | OK | |
| r-release-linux-x86_64 | 0.1.0 | 1.49 | 16.24 | 17.73 | OK | |
| r-release-macos-arm64 | 0.1.0 | 1.00 | 13.00 | 14.00 | OK | |
| r-release-macos-x86_64 | 0.1.0 | 2.00 | 24.00 | 26.00 | OK | |
| r-release-windows-x86_64 | 0.1.0 | 3.00 | 35.00 | 38.00 | OK | |
| r-oldrel-macos-arm64 | 0.1.0 | 1.00 | 13.00 | 14.00 | OK | |
| r-oldrel-macos-x86_64 | 0.1.0 | 1.00 | 17.00 | 18.00 | OK | |
| r-oldrel-windows-x86_64 | 0.1.0 | 3.00 | 41.00 | 44.00 | OK | 
Version: 0.1.0
Check: CRAN incoming feasibility
Result: NOTE
  Maintainer: ‘Siva Rajesh Kasa <sivarajesh.kasa@gmail.com>’
  
  No Authors@R field in DESCRIPTION.
  Please add one, modifying
    Authors@R: c(person(family = "Kasa",
                        role = "aut"),
                 person(given = c("Siva", "Rajesh"),
                        family = "Kasa",
                        role = "cre",
                        email = "sivarajesh.kasa@gmail.com"))
  as necessary.
Flavors: r-devel-linux-x86_64-debian-clang, r-devel-linux-x86_64-debian-gcc