Last updated on 2024-03-28 17:49:38 CET.
Flavor | Version | Tinstall | Tcheck | Ttotal | Status | Flags |
---|---|---|---|---|---|---|
r-devel-linux-x86_64-debian-clang | 0.0.5 | 1.72 | 22.19 | 23.91 | NOTE | |
r-devel-linux-x86_64-debian-gcc | 0.0.5 | 1.60 | 17.37 | 18.97 | NOTE | |
r-devel-linux-x86_64-fedora-clang | 0.0.5 | 31.09 | NOTE | |||
r-devel-linux-x86_64-fedora-gcc | 0.0.5 | 30.42 | NOTE | |||
r-devel-windows-x86_64 | 0.0.5 | 2.00 | 36.00 | 38.00 | NOTE | |
r-patched-linux-x86_64 | 0.0.5 | 2.09 | 21.39 | 23.48 | NOTE | |
r-release-linux-x86_64 | 0.0.5 | 2.21 | 21.35 | 23.56 | NOTE | |
r-release-macos-arm64 | 0.0.5 | 16.00 | NOTE | |||
r-release-macos-x86_64 | 0.0.5 | 20.00 | NOTE | |||
r-release-windows-x86_64 | 0.0.5 | 6.00 | 38.00 | 44.00 | NOTE | |
r-oldrel-macos-arm64 | 0.0.5 | 23.00 | NOTE | |||
r-oldrel-windows-x86_64 | 0.0.5 | 5.00 | 48.00 | 53.00 | NOTE |
Version: 0.0.5
Check: LazyData
Result: NOTE
'LazyData' is specified without a 'data' directory
Flavors: r-devel-linux-x86_64-debian-clang, r-devel-linux-x86_64-debian-gcc, r-devel-linux-x86_64-fedora-clang, r-devel-linux-x86_64-fedora-gcc, r-devel-windows-x86_64, r-patched-linux-x86_64, r-release-linux-x86_64, r-release-macos-arm64, r-release-macos-x86_64, r-release-windows-x86_64, r-oldrel-macos-arm64, r-oldrel-windows-x86_64