CRAN Package Check Results for Package quantkriging

Last updated on 2025-04-16 18:50:13 CEST.

Flavor Version Tinstall Tcheck Ttotal Status Flags
r-devel-linux-x86_64-debian-clang 0.1.0 2.58 46.10 48.68 OK
r-devel-linux-x86_64-debian-gcc 0.1.0 2.17 33.00 35.17 OK
r-devel-linux-x86_64-fedora-clang 0.1.0 77.10 OK
r-devel-linux-x86_64-fedora-gcc 0.1.0 74.13 OK
r-devel-windows-x86_64 0.1.0 4.00 59.00 63.00 OK
r-patched-linux-x86_64 0.1.0 2.90 43.28 46.18 OK
r-release-linux-x86_64 0.1.0 2.51 43.94 46.45 OK
r-release-macos-arm64 0.1.0 26.00 OK
r-release-macos-x86_64 0.1.0 45.00 OK
r-release-windows-x86_64 0.1.0 4.00 60.00 64.00 OK
r-oldrel-macos-arm64 0.1.0 24.00 NOTE
r-oldrel-macos-x86_64 0.1.0 40.00 NOTE
r-oldrel-windows-x86_64 0.1.0 5.00 73.00 78.00 NOTE

Check Details

Version: 0.1.0
Check: LazyData
Result: NOTE 'LazyData' is specified without a 'data' directory Flavors: r-oldrel-macos-arm64, r-oldrel-macos-x86_64, r-oldrel-windows-x86_64