Last updated on 2024-07-03 18:57:44 CEST.
Flavor | Version | Tinstall | Tcheck | Ttotal | Status | Flags |
---|---|---|---|---|---|---|
r-devel-linux-x86_64-debian-clang | 0.1.3 | 11.17 | 101.51 | 112.68 | NOTE | |
r-devel-linux-x86_64-debian-gcc | 0.1.3 | 9.26 | 74.57 | 83.83 | NOTE | |
r-devel-linux-x86_64-fedora-clang | 0.1.3 | 147.74 | NOTE | |||
r-devel-linux-x86_64-fedora-gcc | 0.1.3 | 134.11 | NOTE | |||
r-devel-windows-x86_64 | 0.1.3 | 9.00 | 87.00 | 96.00 | NOTE | |
r-patched-linux-x86_64 | 0.1.3 | 8.96 | 96.18 | 105.14 | NOTE | |
r-release-linux-x86_64 | 0.1.3 | 9.91 | 95.77 | 105.68 | NOTE | |
r-release-macos-arm64 | 0.1.3 | 37.00 | NOTE | |||
r-release-macos-x86_64 | 0.1.3 | 62.00 | NOTE | |||
r-release-windows-x86_64 | 0.1.3 | 10.00 | 89.00 | 99.00 | NOTE | |
r-oldrel-macos-arm64 | 0.1.3 | 43.00 | NOTE | |||
r-oldrel-macos-x86_64 | 0.1.3 | 71.00 | NOTE | |||
r-oldrel-windows-x86_64 | 0.1.3 | 13.00 | 109.00 | 122.00 | NOTE |
Version: 0.1.3
Check: LazyData
Result: NOTE
'LazyData' is specified without a 'data' directory
Flavors: r-devel-linux-x86_64-debian-clang, r-devel-linux-x86_64-debian-gcc, r-devel-linux-x86_64-fedora-clang, r-devel-linux-x86_64-fedora-gcc, r-devel-windows-x86_64, r-patched-linux-x86_64, r-release-linux-x86_64, r-release-macos-arm64, r-release-macos-x86_64, r-release-windows-x86_64, r-oldrel-macos-arm64, r-oldrel-macos-x86_64, r-oldrel-windows-x86_64