Last updated on 2024-03-28 17:49:38 CET.
Flavor | Version | Tinstall | Tcheck | Ttotal | Status | Flags |
---|---|---|---|---|---|---|
r-devel-linux-x86_64-debian-clang | 1.2-3 | 46.40 | 205.23 | 251.63 | NOTE | |
r-devel-linux-x86_64-debian-gcc | 1.2-3 | 33.69 | 147.24 | 180.93 | NOTE | |
r-devel-linux-x86_64-fedora-clang | 1.2-3 | 337.08 | NOTE | |||
r-devel-linux-x86_64-fedora-gcc | 1.2-3 | 312.20 | NOTE | |||
r-devel-windows-x86_64 | 1.2-3 | 36.00 | 204.00 | 240.00 | NOTE | |
r-patched-linux-x86_64 | 1.2-3 | 42.60 | 196.51 | 239.11 | NOTE | |
r-release-linux-x86_64 | 1.2-3 | 43.31 | 199.21 | 242.52 | OK | |
r-release-macos-arm64 | 1.2-3 | 116.00 | OK | |||
r-release-macos-x86_64 | 1.2-3 | 170.00 | OK | |||
r-release-windows-x86_64 | 1.2-3 | 44.00 | 250.00 | 294.00 | OK | |
r-oldrel-macos-arm64 | 1.2-3 | 106.00 | OK | |||
r-oldrel-windows-x86_64 | 1.2-3 | 43.00 | 227.00 | 270.00 | OK |
Version: 1.2-3
Check: Rd files
Result: NOTE
checkRd: (-1) MovingBlocks-class.Rd:11: Lost braces
11 | bootstrap described in K{\"u}nsch (1989).
| ^
checkRd: (-1) MovingBlocks-class.Rd:18: Lost braces
18 | The Moving Blocks Bootstrap method of K{\"u}nsch (1989) resamples blocks
| ^
checkRd: (-1) MovingBlocks-class.Rd:25: Lost braces
25 | K{\"u}nsch, H. R. (1989). The jackknife and the bootstrap for general stationary
| ^
checkRd: (-1) frequenciesValidator.Rd:16: Lost braces; missing escapes or markup?
16 | \item{steps}{a vector containing a subset of {1,2,3,4,5,6}, indicating
| ^
Flavors: r-devel-linux-x86_64-debian-clang, r-devel-linux-x86_64-debian-gcc, r-devel-linux-x86_64-fedora-clang, r-devel-linux-x86_64-fedora-gcc, r-devel-windows-x86_64, r-patched-linux-x86_64