CRAN Package Check Results for Package quest

Last updated on 2025-07-27 18:51:29 CEST.

Flavor Version Tinstall Tcheck Ttotal Status Flags
r-devel-linux-x86_64-debian-clang 0.2.0 6.14 96.58 102.72 NOTE
r-devel-linux-x86_64-debian-gcc 0.2.0 3.82 68.07 71.89 NOTE
r-devel-linux-x86_64-fedora-clang 0.2.0 163.01 OK
r-devel-linux-x86_64-fedora-gcc 0.2.0 166.39 OK
r-devel-windows-x86_64 0.2.0 9.00 169.00 178.00 NOTE
r-patched-linux-x86_64 0.2.0 9.01 90.86 99.87 NOTE
r-release-linux-x86_64 0.2.0 6.16 91.10 97.26 NOTE
r-release-macos-arm64 0.2.0 45.00 OK
r-release-macos-x86_64 0.2.0 83.00 OK
r-release-windows-x86_64 0.2.0 9.00 152.00 161.00 NOTE
r-oldrel-macos-arm64 0.2.0 44.00 OK
r-oldrel-macos-x86_64 0.2.0 67.00 OK
r-oldrel-windows-x86_64 0.2.0 11.00 181.00 192.00 OK

Check Details

Version: 0.2.0
Check: Rd cross-references
Result: NOTE Found the following Rd file(s) with Rd \link{} targets missing package anchors: quest-package.Rd: str2str ucfa.Rd: lavaan-class Please provide package anchors for all Rd \link{} targets not in the package itself and the base packages. Flavors: r-devel-linux-x86_64-debian-clang, r-devel-linux-x86_64-debian-gcc, r-devel-windows-x86_64, r-patched-linux-x86_64, r-release-linux-x86_64, r-release-windows-x86_64