Last updated on 2024-03-28 17:49:39 CET.
Flavor | Version | Tinstall | Tcheck | Ttotal | Status | Flags |
---|---|---|---|---|---|---|
r-devel-linux-x86_64-debian-clang | 1.15.3 | 218.64 | 82.36 | 301.00 | OK | |
r-devel-linux-x86_64-debian-gcc | 1.15.3 | 185.49 | 63.95 | 249.44 | OK | |
r-devel-linux-x86_64-fedora-clang | 1.15.3 | 450.78 | OK | |||
r-devel-linux-x86_64-fedora-gcc | 1.15.3 | 470.98 | OK | |||
r-devel-windows-x86_64 | 1.15.3 | 145.00 | 185.00 | 330.00 | OK | |
r-patched-linux-x86_64 | 1.15.3 | 221.51 | 79.94 | 301.45 | OK | |
r-release-linux-x86_64 | 1.15.3 | 207.81 | 77.77 | 285.58 | OK | |
r-release-macos-arm64 | 1.15.3 | 99.00 | NOTE | |||
r-release-macos-x86_64 | 1.15.3 | 138.00 | NOTE | |||
r-release-windows-x86_64 | 1.15.3 | 145.00 | 207.00 | 352.00 | OK | |
r-oldrel-macos-arm64 | 1.15.3 | 103.00 | NOTE | |||
r-oldrel-windows-x86_64 | 1.15.3 | 180.00 | 208.00 | 388.00 | OK |
Version: 1.15.3
Check: installed package size
Result: NOTE
installed size is 11.9Mb
sub-directories of 1Mb or more:
libs 11.1Mb
Flavors: r-release-macos-arm64, r-release-macos-x86_64, r-oldrel-macos-arm64