Last updated on 2025-11-23 05:50:30 CET.
| Flavor | Version | Tinstall | Tcheck | Ttotal | Status | Flags |
|---|---|---|---|---|---|---|
| r-devel-linux-x86_64-debian-clang | 1.0-8 | 8.43 | 76.15 | 84.58 | NOTE | |
| r-devel-linux-x86_64-debian-gcc | 1.0-8 | 5.59 | 55.24 | 60.83 | NOTE | |
| r-devel-linux-x86_64-fedora-clang | 1.0-8 | 17.00 | 114.01 | 131.01 | NOTE | |
| r-devel-linux-x86_64-fedora-gcc | 1.0-8 | 22.00 | 97.82 | 119.82 | NOTE | |
| r-devel-windows-x86_64 | 1.0-8 | 11.00 | 86.00 | 97.00 | NOTE | |
| r-patched-linux-x86_64 | 1.0-8 | 9.21 | 71.31 | 80.52 | NOTE | |
| r-release-linux-x86_64 | 1.0-8 | 8.86 | 70.78 | 79.64 | NOTE | |
| r-release-macos-arm64 | 1.0-8 | NOTE | ||||
| r-release-macos-x86_64 | 1.0-8 | 7.00 | 60.00 | 67.00 | NOTE | |
| r-release-windows-x86_64 | 1.0-8 | 10.00 | 94.00 | 104.00 | NOTE | |
| r-oldrel-macos-arm64 | 1.0-8 | NOTE | ||||
| r-oldrel-macos-x86_64 | 1.0-8 | 6.00 | 46.00 | 52.00 | NOTE | |
| r-oldrel-windows-x86_64 | 1.0-8 | 13.00 | 105.00 | 118.00 | NOTE |
Version: 1.0-8
Check: Rd files
Result: NOTE
checkRd: (-1) post_RA_fits.Rd:61: Lost braces; missing escapes or markup?
61 | \item{\code{H(po_{bm_{n.bm}}, po_act)}:}{ last benchmark prior bm_{n.bm} inducing the fit \code{fits.bm[[n.bm]]} and actual prior}
| ^
Flavors: r-devel-linux-x86_64-debian-clang, r-devel-linux-x86_64-debian-gcc, r-devel-linux-x86_64-fedora-clang, r-devel-linux-x86_64-fedora-gcc, r-devel-windows-x86_64, r-patched-linux-x86_64, r-release-linux-x86_64, r-release-macos-arm64, r-release-macos-x86_64, r-release-windows-x86_64, r-oldrel-macos-arm64, r-oldrel-macos-x86_64, r-oldrel-windows-x86_64