Last updated on 2024-03-28 17:49:39 CET.
Flavor | Version | Tinstall | Tcheck | Ttotal | Status | Flags |
---|---|---|---|---|---|---|
r-devel-linux-x86_64-debian-clang | 0.10.1 | 8.10 | 283.50 | 291.60 | NOTE | |
r-devel-linux-x86_64-debian-gcc | 0.10.1 | 7.18 | 203.62 | 210.80 | NOTE | |
r-devel-linux-x86_64-fedora-clang | 0.10.1 | 342.57 | NOTE | |||
r-devel-linux-x86_64-fedora-gcc | 0.10.1 | 347.46 | NOTE | |||
r-devel-windows-x86_64 | 0.10.1 | 10.00 | 192.00 | 202.00 | NOTE | |
r-patched-linux-x86_64 | 0.10.1 | 8.20 | 266.33 | 274.53 | NOTE | |
r-release-linux-x86_64 | 0.10.1 | 7.82 | 269.48 | 277.30 | NOTE | |
r-release-macos-arm64 | 0.10.1 | 103.00 | NOTE | |||
r-release-macos-x86_64 | 0.10.1 | 180.00 | NOTE | |||
r-release-windows-x86_64 | 0.10.1 | 11.00 | 248.00 | 259.00 | NOTE | |
r-oldrel-macos-arm64 | 0.10.1 | 83.00 | NOTE | |||
r-oldrel-windows-x86_64 | 0.10.1 | 11.00 | 263.00 | 274.00 | NOTE |
Version: 0.10.1
Check: LazyData
Result: NOTE
'LazyData' is specified without a 'data' directory
Flavors: r-devel-linux-x86_64-debian-clang, r-devel-linux-x86_64-debian-gcc, r-devel-linux-x86_64-fedora-clang, r-devel-linux-x86_64-fedora-gcc, r-devel-windows-x86_64, r-patched-linux-x86_64, r-release-linux-x86_64, r-release-macos-arm64, r-release-macos-x86_64, r-release-windows-x86_64, r-oldrel-macos-arm64, r-oldrel-windows-x86_64