Last updated on 2024-04-19 19:50:24 CEST.
Flavor | Version | Tinstall | Tcheck | Ttotal | Status | Flags |
---|---|---|---|---|---|---|
r-devel-linux-x86_64-debian-clang | 3.0.2 | 45.61 | 201.80 | 247.41 | NOTE | |
r-devel-linux-x86_64-debian-gcc | 3.0.2 | NOTE | ||||
r-devel-linux-x86_64-fedora-clang | 3.0.2 | 292.27 | NOTE | |||
r-devel-linux-x86_64-fedora-gcc | 3.0.2 | 288.45 | NOTE | |||
r-prerel-macos-arm64 | 3.0.2 | 74.00 | NOTE | |||
r-prerel-windows-x86_64 | 3.0.2 | 33.00 | 167.00 | 200.00 | NOTE | |
r-patched-linux-x86_64 | 3.0.2 | 37.06 | 186.68 | 223.74 | NOTE | |
r-release-linux-x86_64 | 3.0.2 | 23.18 | 198.59 | 221.77 | OK | |
r-release-macos-arm64 | 3.0.2 | 78.00 | OK | |||
r-release-macos-x86_64 | 3.0.2 | 192.00 | OK | |||
r-release-windows-x86_64 | 3.0.2 | 38.00 | 214.00 | 252.00 | OK | |
r-oldrel-macos-arm64 | 3.0.2 | 79.00 | OK | |||
r-oldrel-windows-x86_64 | 3.0.2 | 38.00 | 192.00 | 230.00 | OK |
Version: 3.0.2
Check: Rd files
Result: NOTE
checkRd: (-1) makeDesignMatrix.Rd:16: Lost braces; missing escapes or markup?
16 | is randomized to a certain treatment {j}, the entry of \code{(i,j)} of the
| ^
Flavors: r-devel-linux-x86_64-debian-clang, r-devel-linux-x86_64-debian-gcc, r-devel-linux-x86_64-fedora-clang, r-devel-linux-x86_64-fedora-gcc, r-prerel-macos-arm64, r-prerel-windows-x86_64, r-patched-linux-x86_64