Last updated on 2024-03-28 17:49:39 CET.
Flavor | Version | Tinstall | Tcheck | Ttotal | Status | Flags |
---|---|---|---|---|---|---|
r-devel-linux-x86_64-debian-clang | 2.1 | 29.25 | 72.96 | 102.21 | NOTE | |
r-devel-linux-x86_64-debian-gcc | 2.1 | 21.86 | 53.69 | 75.55 | NOTE | |
r-devel-linux-x86_64-fedora-clang | 2.1 | 130.64 | NOTE | |||
r-devel-linux-x86_64-fedora-gcc | 2.1 | 124.84 | NOTE | |||
r-devel-windows-x86_64 | 2.1 | 25.00 | 88.00 | 113.00 | NOTE | |
r-patched-linux-x86_64 | 2.1 | 28.51 | 69.91 | 98.42 | NOTE | |
r-release-linux-x86_64 | 2.1 | 21.26 | 69.74 | 91.00 | OK | |
r-release-macos-arm64 | 2.1 | 43.00 | OK | |||
r-release-macos-x86_64 | 2.1 | 64.00 | OK | |||
r-release-windows-x86_64 | 2.1 | 30.00 | 111.00 | 141.00 | OK | |
r-oldrel-macos-arm64 | 2.1 | 33.00 | OK | |||
r-oldrel-windows-x86_64 | 2.1 | 29.00 | 103.00 | 132.00 | OK |
Version: 2.1
Check: Rd files
Result: NOTE
checkRd: (-1) addRasterLegend.Rd:89: Lost braces in \itemize; \value handles \item{}{} directly
checkRd: (-1) addRasterLegend.Rd:90: Lost braces in \itemize; \value handles \item{}{} directly
checkRd: (-1) addRasterLegend.Rd:91: Lost braces in \itemize; \value handles \item{}{} directly
checkRd: (-1) addRasterLegend.Rd:92: Lost braces in \itemize; \value handles \item{}{} directly
checkRd: (-1) addRasterLegend.Rd:93: Lost braces in \itemize; \value handles \item{}{} directly
Flavors: r-devel-linux-x86_64-debian-clang, r-devel-linux-x86_64-debian-gcc, r-devel-linux-x86_64-fedora-clang, r-devel-linux-x86_64-fedora-gcc, r-devel-windows-x86_64, r-patched-linux-x86_64