Last updated on 2025-05-05 18:50:14 CEST.
Flavor | Version | Tinstall | Tcheck | Ttotal | Status | Flags |
---|---|---|---|---|---|---|
r-devel-linux-x86_64-debian-clang | 1.3.1 | 421.95 | 183.07 | 605.02 | NOTE | |
r-devel-linux-x86_64-debian-gcc | 1.3.1 | 408.43 | 167.57 | 576.00 | NOTE | |
r-devel-linux-x86_64-fedora-clang | 1.3.1 | 962.36 | NOTE | |||
r-devel-linux-x86_64-fedora-gcc | 1.3.1 | 1474.77 | NOTE | |||
r-devel-windows-x86_64 | 1.3.1 | 486.00 | 247.00 | 733.00 | NOTE | |
r-patched-linux-x86_64 | 1.3.1 | 500.06 | 223.19 | 723.25 | NOTE | |
r-release-linux-x86_64 | 1.3.1 | 505.22 | 222.19 | 727.41 | NOTE | |
r-release-macos-arm64 | 1.3.1 | 245.00 | NOTE | |||
r-release-macos-x86_64 | 1.3.1 | 343.00 | NOTE | |||
r-release-windows-x86_64 | 1.3.1 | 467.00 | 240.00 | 707.00 | NOTE | |
r-oldrel-macos-arm64 | 1.3.1 | 136.00 | NOTE | |||
r-oldrel-macos-x86_64 | 1.3.1 | 153.00 | NOTE | |||
r-oldrel-windows-x86_64 | 1.3.1 | 539.00 | 302.00 | 841.00 | NOTE |
Version: 1.3.1
Check: Rd files
Result: NOTE
checkRd: (-1) as_mcmc.list.Rd:5: Lost braces; missing escapes or markup?
5 | \title{Convert a rater_fit object to a {coda} \code{mcmc.list} object.}
| ^
checkRd: (-1) as_mcmc.list.Rd:16: Lost braces; missing escapes or markup?
16 | Convert a rater_fit object to a {coda} \code{mcmc.list} object.
| ^
checkRd: (-1) as_mcmc.list.Rd:13: Lost braces; missing escapes or markup?
13 | A {coda} mcmc.list object.
| ^
Flavors: r-devel-linux-x86_64-debian-clang, r-devel-linux-x86_64-debian-gcc, r-devel-linux-x86_64-fedora-clang, r-devel-linux-x86_64-fedora-gcc, r-devel-windows-x86_64, r-patched-linux-x86_64, r-release-linux-x86_64, r-release-macos-arm64, r-release-macos-x86_64, r-release-windows-x86_64, r-oldrel-macos-arm64, r-oldrel-macos-x86_64, r-oldrel-windows-x86_64
Version: 1.3.1
Check: installed package size
Result: NOTE
installed size is 93.6Mb
sub-directories of 1Mb or more:
libs 92.8Mb
Flavors: r-oldrel-macos-arm64, r-oldrel-macos-x86_64, r-oldrel-windows-x86_64
Version: 1.3.1
Check: for GNU extensions in Makefiles
Result: NOTE
GNU make is a SystemRequirements.
Flavors: r-oldrel-macos-arm64, r-oldrel-macos-x86_64, r-oldrel-windows-x86_64