Last updated on 2025-05-05 06:51:43 CEST.
Flavor | Version | Tinstall | Tcheck | Ttotal | Status | Flags |
---|---|---|---|---|---|---|
r-devel-linux-x86_64-debian-clang | 0.1.14 | 4.71 | 44.67 | 49.38 | NOTE | |
r-devel-linux-x86_64-debian-gcc | 0.1.14 | 3.13 | 31.88 | 35.01 | NOTE | |
r-devel-linux-x86_64-fedora-clang | 0.1.14 | 79.75 | OK | |||
r-devel-linux-x86_64-fedora-gcc | 0.1.14 | 78.84 | OK | |||
r-devel-windows-x86_64 | 0.1.14 | 7.00 | 62.00 | 69.00 | OK | |
r-patched-linux-x86_64 | 0.1.14 | 4.57 | 40.39 | 44.96 | OK | |
r-release-linux-x86_64 | 0.1.14 | 4.93 | 40.86 | 45.79 | OK | |
r-release-macos-arm64 | 0.1.14 | 28.00 | OK | |||
r-release-macos-x86_64 | 0.1.14 | 69.00 | OK | |||
r-release-windows-x86_64 | 0.1.14 | 7.00 | 61.00 | 68.00 | OK | |
r-oldrel-macos-arm64 | 0.1.14 | 25.00 | OK | |||
r-oldrel-macos-x86_64 | 0.1.14 | 38.00 | OK | |||
r-oldrel-windows-x86_64 | 0.1.14 | 9.00 | 73.00 | 82.00 | OK |
Version: 0.1.14
Check: CRAN incoming feasibility
Result: NOTE
Maintainer: ‘Wilson Freitas <wilson.freitas@gmail.com>’
No Authors@R field in DESCRIPTION.
Please add one, modifying
Authors@R: person(given = "Wilson",
family = "Freitas",
role = c("aut", "cre"),
email = "wilson.freitas@gmail.com")
as necessary.
Flavors: r-devel-linux-x86_64-debian-clang, r-devel-linux-x86_64-debian-gcc