Last updated on 2024-05-13 06:52:18 CEST.
Flavor | Version | Tinstall | Tcheck | Ttotal | Status | Flags |
---|---|---|---|---|---|---|
r-devel-linux-x86_64-debian-clang | 1.2.6 | 215.61 | 369.38 | 584.99 | NOTE | |
r-devel-linux-x86_64-debian-gcc | 1.2.6 | 179.60 | 272.56 | 452.16 | NOTE | |
r-devel-linux-x86_64-fedora-clang | 1.2.6 | 700.53 | NOTE | |||
r-devel-linux-x86_64-fedora-gcc | 1.2.6 | 950.71 | NOTE | |||
r-devel-windows-x86_64 | 1.2.6 | 165.00 | 348.00 | 513.00 | NOTE | |
r-patched-linux-x86_64 | 1.2.6 | 167.06 | 361.14 | 528.20 | NOTE | |
r-release-linux-x86_64 | 1.2.6 | 0.01 | 3.03 | 3.04 | ERROR | |
r-release-macos-arm64 | 1.2.6 | 187.00 | NOTE | |||
r-release-windows-x86_64 | 1.2.6 | 163.00 | 334.00 | 497.00 | NOTE | |
r-oldrel-macos-arm64 | 1.2.6 | 178.00 | NOTE | |||
r-oldrel-macos-x86_64 | 1.2.6 | 491.00 | NOTE | |||
r-oldrel-windows-x86_64 | 1.2.6 | 211.00 | 442.00 | 653.00 | NOTE |
Version: 1.2.6
Check: for GNU extensions in Makefiles
Result: NOTE
GNU make is a SystemRequirements.
Flavors: r-devel-linux-x86_64-debian-clang, r-devel-linux-x86_64-debian-gcc, r-devel-linux-x86_64-fedora-clang, r-devel-linux-x86_64-fedora-gcc, r-devel-windows-x86_64, r-patched-linux-x86_64, r-release-macos-arm64, r-release-windows-x86_64, r-oldrel-macos-arm64, r-oldrel-macos-x86_64, r-oldrel-windows-x86_64
Version: 1.2.6
Check: whether package can be installed
Result: ERROR
Installation failed.
Flavor: r-release-linux-x86_64
Version: 1.2.6
Check: installed package size
Result: NOTE
installed size is 54.5Mb
sub-directories of 1Mb or more:
libs 53.3Mb
Flavors: r-release-macos-arm64, r-oldrel-macos-arm64, r-oldrel-macos-x86_64