Last updated on 2025-11-23 05:50:31 CET.
| Flavor | Version | Tinstall | Tcheck | Ttotal | Status | Flags |
|---|---|---|---|---|---|---|
| r-devel-linux-x86_64-debian-clang | 0.1.1 | 4.72 | 132.28 | 137.00 | NOTE | |
| r-devel-linux-x86_64-debian-gcc | 0.1.1 | 3.61 | 95.40 | 99.01 | NOTE | |
| r-devel-linux-x86_64-fedora-clang | 0.1.1 | 206.76 | OK | |||
| r-devel-linux-x86_64-fedora-gcc | 0.1.1 | 12.00 | 207.82 | 219.82 | OK | |
| r-devel-windows-x86_64 | 0.1.1 | 10.00 | 129.00 | 139.00 | OK | |
| r-patched-linux-x86_64 | 0.1.1 | 3.81 | 121.60 | 125.41 | OK | |
| r-release-linux-x86_64 | 0.1.1 | 4.52 | 120.14 | 124.66 | OK | |
| r-release-macos-arm64 | 0.1.1 | OK | ||||
| r-release-macos-x86_64 | 0.1.1 | 4.00 | 134.00 | 138.00 | OK | |
| r-release-windows-x86_64 | 0.1.1 | 6.00 | 147.00 | 153.00 | OK | |
| r-oldrel-macos-arm64 | 0.1.1 | OK | ||||
| r-oldrel-macos-x86_64 | 0.1.1 | 4.00 | 133.00 | 137.00 | OK | |
| r-oldrel-windows-x86_64 | 0.1.1 | 8.00 | 162.00 | 170.00 | OK |
Version: 0.1.1
Check: CRAN incoming feasibility
Result: NOTE
Maintainer: ‘Herdiantri Sufriyana <herdi@tmu.edu.tw>’
The Description field contains
<https://htmlpreview.github.io/?https://github.com/herdiantrisufriyana/rcausim/blob/master/doc/causal_simulation_exemplar.html>.
Please enclose URLs in angle brackets (<...>).
Flavors: r-devel-linux-x86_64-debian-clang, r-devel-linux-x86_64-debian-gcc