Last updated on 2024-03-28 17:49:39 CET.
Flavor | Version | Tinstall | Tcheck | Ttotal | Status | Flags |
---|---|---|---|---|---|---|
r-devel-linux-x86_64-debian-clang | 0.0.5 | 166.89 | 33.75 | 200.64 | NOTE | |
r-devel-linux-x86_64-debian-gcc | 0.0.5 | 123.23 | 25.72 | 148.95 | NOTE | |
r-devel-linux-x86_64-fedora-clang | 0.0.5 | 304.00 | NOTE | |||
r-devel-linux-x86_64-fedora-gcc | 0.0.5 | 294.63 | NOTE | |||
r-devel-windows-x86_64 | 0.0.5 | 122.00 | 68.00 | 190.00 | NOTE | |
r-patched-linux-x86_64 | 0.0.5 | 148.78 | 33.00 | 181.78 | NOTE | |
r-release-linux-x86_64 | 0.0.5 | 147.58 | 33.12 | 180.70 | NOTE | |
r-release-macos-arm64 | 0.0.5 | 59.00 | NOTE | |||
r-release-macos-x86_64 | 0.0.5 | 108.00 | NOTE | |||
r-release-windows-x86_64 | 0.0.5 | 152.00 | 75.00 | 227.00 | NOTE | |
r-oldrel-macos-arm64 | 0.0.5 | 56.00 | NOTE | |||
r-oldrel-windows-x86_64 | 0.0.5 | 143.00 | 73.00 | 216.00 | NOTE |
Version: 0.0.5
Check: Rd files
Result: NOTE
checkRd: (-1) farthest_point_sampling.Rd:28: Lost braces; missing escapes or markup?
28 | space P = {p_1, ..., p_k}, such that each p_i is the farthest
| ^
Flavors: r-devel-linux-x86_64-debian-clang, r-devel-linux-x86_64-debian-gcc, r-devel-linux-x86_64-fedora-clang, r-devel-linux-x86_64-fedora-gcc, r-devel-windows-x86_64, r-patched-linux-x86_64
Version: 0.0.5
Check: LazyData
Result: NOTE
'LazyData' is specified without a 'data' directory
Flavors: r-devel-linux-x86_64-debian-clang, r-devel-linux-x86_64-debian-gcc, r-devel-linux-x86_64-fedora-clang, r-devel-linux-x86_64-fedora-gcc, r-devel-windows-x86_64, r-patched-linux-x86_64, r-release-linux-x86_64, r-release-macos-arm64, r-release-macos-x86_64, r-release-windows-x86_64, r-oldrel-macos-arm64, r-oldrel-windows-x86_64