Last updated on 2024-07-03 18:57:45 CEST.
Flavor | Version | Tinstall | Tcheck | Ttotal | Status | Flags |
---|---|---|---|---|---|---|
r-devel-linux-x86_64-debian-clang | 1.9.2 | 2.62 | 28.52 | 31.14 | OK | |
r-devel-linux-x86_64-debian-gcc | 1.9.2 | 2.07 | 21.64 | 23.71 | OK | |
r-devel-linux-x86_64-fedora-clang | 1.9.2 | 38.97 | NOTE | |||
r-devel-linux-x86_64-fedora-gcc | 1.9.2 | 36.25 | OK | |||
r-devel-windows-x86_64 | 1.9.2 | 4.00 | 44.00 | 48.00 | OK | |
r-patched-linux-x86_64 | 1.9.2 | 2.70 | 27.11 | 29.81 | OK | |
r-release-linux-x86_64 | 1.9.2 | 1.96 | 26.86 | 28.82 | OK | |
r-release-macos-arm64 | 1.9.2 | 16.00 | OK | |||
r-release-macos-x86_64 | 1.9.2 | 24.00 | OK | |||
r-release-windows-x86_64 | 1.9.2 | 5.00 | 45.00 | 50.00 | OK | |
r-oldrel-macos-arm64 | 1.9.2 | 21.00 | OK | |||
r-oldrel-macos-x86_64 | 1.9.2 | 39.00 | OK | |||
r-oldrel-windows-x86_64 | 1.9.2 | 4.00 | 46.00 | 50.00 | OK |
Version: 1.9.2
Check: Rd cross-references
Result: NOTE
Undeclared packages ‘readMzXmlData’, ‘MALDIquantForeign’ in Rd xrefs
Flavor: r-devel-linux-x86_64-fedora-clang