Last updated on 2024-04-27 06:57:29 CEST.
Flavor | Version | Tinstall | Tcheck | Ttotal | Status | Flags |
---|---|---|---|---|---|---|
r-devel-linux-x86_64-debian-clang | 2.2.0 | 29.02 | 57.26 | 86.28 | NOTE | |
r-devel-linux-x86_64-debian-gcc | 2.2.0 | 22.38 | 42.21 | 64.59 | NOTE | |
r-devel-linux-x86_64-fedora-clang | 2.2.0 | 129.28 | NOTE | |||
r-devel-linux-x86_64-fedora-gcc | 2.2.0 | 122.81 | NOTE | |||
r-devel-windows-x86_64 | 2.2.0 | 28.00 | 85.00 | 113.00 | NOTE | |
r-patched-linux-x86_64 | 2.2.0 | 32.54 | 54.22 | 86.76 | OK | |
r-release-linux-x86_64 | 2.2.0 | 25.61 | 51.95 | 77.56 | OK | |
r-release-macos-arm64 | 2.2.0 | 38.00 | OK | |||
r-release-macos-x86_64 | 2.2.0 | 81.00 | OK | |||
r-release-windows-x86_64 | 2.2.0 | 24.00 | 82.00 | 106.00 | OK | |
r-oldrel-macos-arm64 | 2.2.0 | 51.00 | OK | |||
r-oldrel-macos-x86_64 | 2.2.0 | 79.00 | OK | |||
r-oldrel-windows-x86_64 | 2.2.0 | 33.00 | 93.00 | 126.00 | OK |
Version: 2.2.0
Check: compiled code
Result: NOTE
File ‘readODS/libs/readODS.so’:
Found non-API calls to R: ‘SETLENGTH’, ‘SET_TRUELENGTH’
Compiled code should not call non-API entry points in R.
See ‘Writing portable packages’ in the ‘Writing R Extensions’ manual.
Flavors: r-devel-linux-x86_64-debian-clang, r-devel-linux-x86_64-debian-gcc, r-devel-linux-x86_64-fedora-clang, r-devel-linux-x86_64-fedora-gcc
Version: 2.2.0
Check: Rd cross-references
Result: NOTE
Undeclared packages ‘writexl’, ‘openxlsx’ in Rd xrefs
Flavor: r-devel-linux-x86_64-fedora-clang
Version: 2.2.0
Check: compiled code
Result: NOTE
File 'readODS/libs/x64/readODS.dll':
Found non-API calls to R: 'SETLENGTH', 'SET_TRUELENGTH'
Compiled code should not call non-API entry points in R.
See 'Writing portable packages' in the 'Writing R Extensions' manual.
Flavor: r-devel-windows-x86_64