Last updated on 2025-10-28 05:49:57 CET.
| Flavor | Version | Tinstall | Tcheck | Ttotal | Status | Flags |
|---|---|---|---|---|---|---|
| r-devel-linux-x86_64-debian-clang | 1.0.1 | 2.59 | 174.01 | 176.60 | OK | |
| r-devel-linux-x86_64-debian-gcc | 1.0.1 | 1.91 | 113.45 | 115.36 | OK | |
| r-devel-linux-x86_64-fedora-clang | 1.0.2 | 14.00 | 277.18 | 291.18 | OK | |
| r-devel-linux-x86_64-fedora-gcc | 1.0.2 | 302.83 | OK | |||
| r-devel-windows-x86_64 | 1.0.1 | 7.00 | 198.00 | 205.00 | OK | |
| r-patched-linux-x86_64 | 1.0.1 | 3.11 | 37.18 | 40.29 | ERROR | |
| r-release-linux-x86_64 | 1.0.1 | 2.56 | 168.90 | 171.46 | OK | |
| r-release-macos-arm64 | 1.0.2 | 1.00 | 146.00 | 147.00 | OK | |
| r-release-macos-x86_64 | 1.0.2 | 4.00 | 394.00 | 398.00 | OK | |
| r-release-windows-x86_64 | 1.0.1 | 6.00 | 193.00 | 199.00 | OK | |
| r-oldrel-macos-arm64 | 1.0.2 | 1.00 | 150.00 | 151.00 | NOTE | |
| r-oldrel-macos-x86_64 | 1.0.2 | 4.00 | 388.00 | 392.00 | NOTE | |
| r-oldrel-windows-x86_64 | 1.0.1 | 8.00 | 248.00 | 256.00 | OK |
Version: 1.0.1
Check: re-building of vignette outputs
Result: ERROR
Error(s) in re-building vignettes:
...
--- re-building ‘design_principle.Rmd’ using rmarkdown
[WARNING] Deprecated: --highlight-style. Use --syntax-highlighting instead.
--- finished re-building ‘design_principle.Rmd’
--- re-building ‘install_drivers.Rmd’ using rmarkdown
[WARNING] Deprecated: --highlight-style. Use --syntax-highlighting instead.
--- finished re-building ‘install_drivers.Rmd’
--- re-building ‘query_parameters.Rmd’ using rmarkdown
[WARNING] Deprecated: --highlight-style. Use --syntax-highlighting instead.
--- finished re-building ‘query_parameters.Rmd’
--- re-building ‘readepi.Rmd’ using rmarkdown
Quitting from readepi.Rmd:86-123 [unnamed-chunk-3]
~~~~~~~~~~~~~~~~~~~~~~~~~~~~~~~~~~~~~~~~~~~~~~~~~~~~~~~~~~~~~~~~~~~~~~~~~~~~~~~~
<error/rlang_error>
Error in `.local()`:
! Failed to connect to database: Error: Too many connections
---
Backtrace:
▆
1. └─readepi::login(...)
2. └─pool::dbPool(...)
3. └─pool::poolCreate(...)
4. └─Pool$new(...)
5. └─pool (local) initialize(...)
6. └─private$createObject(error_call = error_call)
7. └─private$factory()
8. ├─DBI::dbConnect(drv, ...)
9. └─RMySQL::dbConnect(drv, ...)
10. └─RMySQL (local) .local(drv, ...)
~~~~~~~~~~~~~~~~~~~~~~~~~~~~~~~~~~~~~~~~~~~~~~~~~~~~~~~~~~~~~~~~~~~~~~~~~~~~~~~~
Error: processing vignette 'readepi.Rmd' failed with diagnostics:
Failed to connect to database: Error: Too many connections
--- failed re-building ‘readepi.Rmd’
SUMMARY: processing the following file failed:
‘readepi.Rmd’
Error: Vignette re-building failed.
Execution halted
Flavor: r-patched-linux-x86_64
Version: 1.0.2
Check: installed package size
Result: NOTE
installed size is 6.3Mb
sub-directories of 1Mb or more:
doc 5.9Mb
Flavors: r-oldrel-macos-arm64, r-oldrel-macos-x86_64