Last updated on 2024-03-28 17:49:39 CET.
Flavor | Version | Tinstall | Tcheck | Ttotal | Status | Flags |
---|---|---|---|---|---|---|
r-devel-linux-x86_64-debian-clang | 2.15.0 | 55.97 | 256.17 | 312.14 | OK | |
r-devel-linux-x86_64-debian-gcc | 2.15.0 | 46.47 | 183.44 | 229.91 | OK | |
r-devel-linux-x86_64-fedora-clang | 2.15.0 | 374.45 | OK | |||
r-devel-linux-x86_64-fedora-gcc | 2.15.0 | 400.85 | OK | |||
r-devel-windows-x86_64 | 2.15.0 | 46.00 | 245.00 | 291.00 | OK | |
r-patched-linux-x86_64 | 2.15.0 | 58.28 | 250.29 | 308.57 | OK | |
r-release-linux-x86_64 | 2.15.0 | 55.69 | 247.44 | 303.13 | OK | |
r-release-macos-arm64 | 2.15.0 | 150.00 | NOTE | |||
r-release-macos-x86_64 | 2.15.0 | 349.00 | NOTE | |||
r-release-windows-x86_64 | 2.15.0 | 49.00 | 313.00 | 362.00 | OK | |
r-oldrel-macos-arm64 | 2.15.0 | 164.00 | NOTE | |||
r-oldrel-windows-x86_64 | 2.15.0 | 54.00 | 260.00 | 314.00 | OK |
Version: 2.15.0
Check: installed package size
Result: NOTE
installed size is 5.6Mb
sub-directories of 1Mb or more:
R 2.0Mb
data 1.7Mb
Flavors: r-release-macos-arm64, r-release-macos-x86_64, r-oldrel-macos-arm64