CRAN Package Check Results for Package redland

Last updated on 2025-11-23 05:50:31 CET.

Flavor Version Tinstall Tcheck Ttotal Status Flags
r-devel-linux-x86_64-debian-clang 1.0.17-18 10.67 84.88 95.55 WARN
r-devel-linux-x86_64-debian-gcc 1.0.17-18 9.08 60.83 69.91 WARN
r-devel-linux-x86_64-fedora-clang 1.0.17-18 25.00 117.54 142.54 WARN
r-devel-linux-x86_64-fedora-gcc 1.0.17-18 54.00 99.15 153.15 WARN
r-devel-windows-x86_64 1.0.17-18 42.00 230.00 272.00 WARN
r-patched-linux-x86_64 1.0.17-18 16.19 73.84 90.03 NOTE
r-release-linux-x86_64 1.0.17-18 12.16 74.30 86.46 NOTE
r-release-macos-arm64 1.0.17-18 NOTE
r-release-macos-x86_64 1.0.17-18 21.00 88.00 109.00 NOTE
r-release-windows-x86_64 1.0.17-18 36.00 239.00 275.00 NOTE
r-oldrel-macos-arm64 1.0.17-18 OK
r-oldrel-macos-x86_64 1.0.17-18 15.00 60.00 75.00 OK
r-oldrel-windows-x86_64 1.0.17-18 40.00 274.00 314.00 NOTE

Check Details

Version: 1.0.17-18
Check: compiled code
Result: WARN File ‘redland/libs/redland.so’: Found non-API call to R: ‘SET_S4_OBJECT’ This entry point may be removed soon. Compiled code should not call non-API entry points in R. See ‘Writing portable packages’ in the ‘Writing R Extensions’ manual, and section ‘Moving into C API compliance’ for issues with the use of non-API entry points. Flavors: r-devel-linux-x86_64-debian-clang, r-devel-linux-x86_64-debian-gcc, r-devel-linux-x86_64-fedora-clang, r-devel-linux-x86_64-fedora-gcc

Version: 1.0.17-18
Check: compiled code
Result: WARN File 'redland/libs/x64/redland.dll': Found non-API call to R: 'SET_S4_OBJECT' This entry point may be removed soon. Compiled code should not call non-API entry points in R. See 'Writing portable packages' in the 'Writing R Extensions' manual, and section 'Moving into C API compliance' for issues with the use of non-API entry points. Flavor: r-devel-windows-x86_64

Version: 1.0.17-18
Check: compiled code
Result: NOTE File ‘redland/libs/redland.so’: Found non-API call to R: ‘SET_S4_OBJECT’ Compiled code should not call non-API entry points in R. See ‘Writing portable packages’ in the ‘Writing R Extensions’ manual, and section ‘Moving into C API compliance’ for issues with the use of non-API entry points. Flavors: r-patched-linux-x86_64, r-release-linux-x86_64, r-release-macos-arm64, r-release-macos-x86_64

Version: 1.0.17-18
Check: compiled code
Result: NOTE File 'redland/libs/x64/redland.dll': Found non-API call to R: 'SET_S4_OBJECT' Compiled code should not call non-API entry points in R. See 'Writing portable packages' in the 'Writing R Extensions' manual, and section 'Moving into C API compliance' for issues with the use of non-API entry points. Flavor: r-release-windows-x86_64

Version: 1.0.17-18
Check: installed package size
Result: NOTE installed size is 13.3Mb sub-directories of 1Mb or more: libs 12.3Mb Flavor: r-oldrel-windows-x86_64