Last updated on 2024-07-03 18:57:45 CEST.
Flavor | Version | Tinstall | Tcheck | Ttotal | Status | Flags |
---|---|---|---|---|---|---|
r-devel-linux-x86_64-debian-clang | 1.0.6 | 3.40 | 41.16 | 44.56 | OK | |
r-devel-linux-x86_64-debian-gcc | 1.0.6 | 2.56 | 31.25 | 33.81 | OK | |
r-devel-linux-x86_64-fedora-clang | 1.0.6 | 56.78 | NOTE | |||
r-devel-linux-x86_64-fedora-gcc | 1.0.6 | 67.35 | NOTE | |||
r-devel-windows-x86_64 | 1.0.6 | 3.00 | 52.00 | 55.00 | OK | |
r-patched-linux-x86_64 | 1.0.6 | 3.61 | 38.18 | 41.79 | OK | |
r-release-linux-x86_64 | 1.0.6 | 3.40 | 39.21 | 42.61 | OK | |
r-release-macos-arm64 | 1.0.6 | 25.00 | OK | |||
r-release-macos-x86_64 | 1.0.6 | 36.00 | OK | |||
r-release-windows-x86_64 | 1.0.6 | 5.00 | 52.00 | 57.00 | OK | |
r-oldrel-macos-arm64 | 1.0.6 | 35.00 | OK | |||
r-oldrel-macos-x86_64 | 1.0.6 | 64.00 | OK | |||
r-oldrel-windows-x86_64 | 1.0.6 | 4.00 | 54.00 | 58.00 | OK |
Version: 1.0.6
Check: data for non-ASCII characters
Result: NOTE
Note: found 2 marked UTF-8 strings
Flavors: r-devel-linux-x86_64-fedora-clang, r-devel-linux-x86_64-fedora-gcc