Last updated on 2024-07-23 18:59:09 CEST.
Flavor | Version | Tinstall | Tcheck | Ttotal | Status | Flags |
---|---|---|---|---|---|---|
r-devel-linux-x86_64-debian-clang | 1.2-7 | 9.04 | 77.83 | 86.87 | OK | |
r-devel-linux-x86_64-debian-gcc | 1.2-7 | 6.49 | 56.21 | 62.70 | NOTE | |
r-devel-linux-x86_64-fedora-clang | 1.2-7 | 100.84 | NOTE | |||
r-devel-linux-x86_64-fedora-gcc | 1.2-7 | 94.98 | OK | |||
r-devel-windows-x86_64 | 1.2-7 | 14.00 | 74.00 | 88.00 | NOTE | |
r-patched-linux-x86_64 | 1.2-7 | 6.80 | 70.56 | 77.36 | OK | |
r-release-linux-x86_64 | 1.2-7 | 9.66 | 72.62 | 82.28 | OK | |
r-release-macos-arm64 | 1.2-7 | 35.00 | OK | |||
r-release-macos-x86_64 | 1.2-7 | 61.00 | OK | |||
r-release-windows-x86_64 | 1.2-7 | 13.00 | 72.00 | 85.00 | OK | |
r-oldrel-macos-arm64 | 1.2-7 | 38.00 | OK | |||
r-oldrel-macos-x86_64 | 1.2-7 | 86.00 | OK | |||
r-oldrel-windows-x86_64 | 1.2-7 | 12.00 | 88.00 | 100.00 | OK |
Version: 1.2-7
Check: Rd cross-references
Result: NOTE
Found the following Rd file(s) with Rd \link{} targets missing package
anchors:
reglogit.Rd: Matrix
Please provide package anchors for all Rd \link{} targets not in the
package itself and the base packages.
Flavors: r-devel-linux-x86_64-debian-gcc, r-devel-windows-x86_64
Version: 1.2-7
Check: Rd cross-references
Result: NOTE
Undeclared package ‘monomvn’ in Rd xrefs
Flavor: r-devel-linux-x86_64-fedora-clang