CRAN Package Check Results for Package reldist

Last updated on 2018-10-21 06:46:50 CEST.

Flavor Version Tinstall Tcheck Ttotal Status Flags
r-devel-linux-x86_64-debian-clang 1.6-6 8.93 97.74 106.67 OK
r-devel-linux-x86_64-debian-gcc 1.6-6 7.37 75.25 82.62 OK
r-devel-linux-x86_64-fedora-clang 1.6-6 123.83 OK
r-devel-linux-x86_64-fedora-gcc 1.6-6 115.89 OK
r-devel-windows-ix86+x86_64 1.6-6 21.00 149.00 170.00 OK
r-patched-linux-x86_64 1.6-6 4.86 77.45 82.31 OK
r-patched-solaris-x86 1.6-6 156.20 OK
r-release-linux-x86_64 1.6-6 0.24 1.86 2.10 ERROR
r-release-windows-ix86+x86_64 1.6-6 23.00 126.00 149.00 OK
r-release-osx-x86_64 1.6-6 OK
r-oldrel-windows-ix86+x86_64 1.6-6 14.00 136.00 150.00 OK
r-oldrel-osx-x86_64 1.6-6 OK

Check Details

Version: 1.6-6
Check: package dependencies
Result: ERROR
    Package required but not available: ‘Hmisc’
    
    See section ‘The DESCRIPTION file’ in the ‘Writing R Extensions’
    manual.
Flavor: r-release-linux-x86_64