CRAN Package Check Results for Package relevance

Last updated on 2025-07-27 18:51:30 CEST.

Flavor Version Tinstall Tcheck Ttotal Status Flags
r-devel-linux-x86_64-debian-clang 2.1 5.63 48.01 53.64 NOTE
r-devel-linux-x86_64-debian-gcc 2.1 3.40 36.12 39.52 NOTE
r-devel-linux-x86_64-fedora-clang 2.1 86.48 OK
r-devel-linux-x86_64-fedora-gcc 2.1 93.97 OK
r-devel-windows-x86_64 2.1 8.00 96.00 104.00 OK
r-patched-linux-x86_64 2.1 6.08 45.44 51.52 OK
r-release-linux-x86_64 2.1 4.12 45.66 49.78 OK
r-release-macos-arm64 2.1 30.00 OK
r-release-macos-x86_64 2.1 60.00 OK
r-release-windows-x86_64 2.1 6.00 83.00 89.00 OK
r-oldrel-macos-arm64 2.1 28.00 OK
r-oldrel-macos-x86_64 2.1 91.00 OK
r-oldrel-windows-x86_64 2.1 7.00 93.00 100.00 OK

Check Details

Version: 2.1
Check: CRAN incoming feasibility
Result: NOTE Maintainer: ‘Werner A. Stahel <stahel@stat.math.ethz.ch>’ No Authors@R field in DESCRIPTION. Please add one, modifying Authors@R: person(given = c("Werner", "A."), family = "Stahel", role = c("aut", "cre"), email = "stahel@stat.math.ethz.ch") as necessary. Flavors: r-devel-linux-x86_64-debian-clang, r-devel-linux-x86_64-debian-gcc