CRAN Package Check Results for Package repec

Last updated on 2025-07-27 06:49:37 CEST.

Flavor Version Tinstall Tcheck Ttotal Status Flags
r-devel-linux-x86_64-debian-clang 0.1.0 1.75 18.47 20.22 OK
r-devel-linux-x86_64-debian-gcc 0.1.0 1.57 15.63 17.20 OK
r-devel-linux-x86_64-fedora-clang 0.1.0 31.82 OK
r-devel-linux-x86_64-fedora-gcc 0.1.0 30.11 OK
r-devel-windows-x86_64 0.1.0 4.00 51.00 55.00 OK
r-patched-linux-x86_64 0.1.0 2.02 17.09 19.11 OK
r-release-linux-x86_64 0.1.0 1.49 17.28 18.77 OK
r-release-macos-arm64 0.1.0 12.00 OK
r-release-macos-x86_64 0.1.0 21.00 OK
r-release-windows-x86_64 0.1.0 4.00 42.00 46.00 OK
r-oldrel-macos-arm64 0.1.0 13.00 NOTE
r-oldrel-macos-x86_64 0.1.0 21.00 NOTE
r-oldrel-windows-x86_64 0.1.0 4.00 47.00 51.00 NOTE

Check Details

Version: 0.1.0
Check: LazyData
Result: NOTE 'LazyData' is specified without a 'data' directory Flavors: r-oldrel-macos-arm64, r-oldrel-macos-x86_64, r-oldrel-windows-x86_64