Last updated on 2025-11-08 05:50:00 CET.
| Flavor | Version | Tinstall | Tcheck | Ttotal | Status | Flags |
|---|---|---|---|---|---|---|
| r-devel-linux-x86_64-debian-clang | 1.2.3 | 2.71 | 59.31 | 62.02 | OK | |
| r-devel-linux-x86_64-debian-gcc | 1.2.3 | 2.49 | 41.13 | 43.62 | ERROR | |
| r-devel-linux-x86_64-fedora-clang | 1.2.3 | 97.90 | OK | |||
| r-devel-linux-x86_64-fedora-gcc | 1.2.3 | 107.28 | OK | |||
| r-devel-windows-x86_64 | 1.2.3 | 5.00 | 76.00 | 81.00 | OK | |
| r-patched-linux-x86_64 | 1.2.3 | 3.40 | 56.21 | 59.61 | OK | |
| r-release-linux-x86_64 | 1.2.3 | 3.66 | 55.75 | 59.41 | OK | |
| r-release-macos-arm64 | 1.2.3 | 2.00 | 39.00 | 41.00 | OK | |
| r-release-macos-x86_64 | 1.2.3 | 3.00 | 87.00 | 90.00 | OK | |
| r-release-windows-x86_64 | 1.2.3 | 5.00 | 73.00 | 78.00 | OK | |
| r-oldrel-macos-arm64 | 1.2.3 | 1.00 | 45.00 | 46.00 | OK | |
| r-oldrel-macos-x86_64 | 1.2.3 | 3.00 | 88.00 | 91.00 | OK | |
| r-oldrel-windows-x86_64 | 1.2.3 | 8.00 | 92.00 | 100.00 | OK |
Version: 1.2.3
Check: examples
Result: ERROR
Running examples in ‘rerddapXtracto-Ex.R’ failed
The error most likely occurred in:
> base::assign(".ptime", proc.time(), pos = "CheckExEnv")
> ### Name: rxtracto
> ### Title: Extract environmental data along a trajectory from an 'ERDDAP™'
> ### server using 'rerddap'.
> ### Aliases: rxtracto
>
> ### ** Examples
>
> ## toy example to show use
> ## but keep execution time down
> ##
> # dataInfo <- rerddap::info('erdHadISST')
> ##
> parameter <- 'sst'
> xcoord <- c(-130.5)
> ycoord <- c(40.5)
> tcoord <- c('2006-01-16')
> # extract <- rxtracto(dataInfo, parameter = parameter, xcoord = xcoord,
> # ycoord = ycoord, tcoord= tcoord
> # )
> ##
> ## bathymetry example
> ## 2-D example getting bathymetry
> ## Wrap rerddap::info('etopo360') call in function that insures proper finish if it fails
> dataInfo <- safe_info('etopo360')
Curl request failed: Timeout was reached [upwell.pfeg.noaa.gov]:
Resolving timed out after 10002 milliseconds
Flavor: r-devel-linux-x86_64-debian-gcc