Last updated on 2025-11-04 05:51:22 CET.
| Flavor | Version | Tinstall | Tcheck | Ttotal | Status | Flags | 
|---|---|---|---|---|---|---|
| r-devel-linux-x86_64-debian-clang | 1.0.0 | 17.63 | 22.78 | 40.41 | OK | |
| r-devel-linux-x86_64-debian-gcc | 1.0.0 | 14.48 | 18.83 | 33.31 | OK | |
| r-devel-linux-x86_64-fedora-clang | 1.0.0 | 31.00 | 26.63 | 57.63 | OK | |
| r-devel-linux-x86_64-fedora-gcc | 1.0.0 | 33.00 | 23.62 | 56.62 | OK | |
| r-devel-windows-x86_64 | 1.0.0 | 17.00 | 38.00 | 55.00 | OK | |
| r-patched-linux-x86_64 | 1.0.0 | 18.87 | 20.81 | 39.68 | OK | |
| r-release-linux-x86_64 | 1.0.0 | 16.83 | 20.57 | 37.40 | OK | |
| r-release-macos-arm64 | 1.0.0 | 11.00 | 16.00 | 27.00 | OK | |
| r-release-macos-x86_64 | 1.0.0 | 21.00 | 31.00 | 52.00 | OK | |
| r-release-windows-x86_64 | 1.0.0 | 19.00 | 37.00 | 56.00 | OK | |
| r-oldrel-macos-arm64 | 1.0.0 | 13.00 | 19.00 | 32.00 | NOTE | |
| r-oldrel-macos-x86_64 | 1.0.0 | 15.00 | 39.00 | 54.00 | NOTE | |
| r-oldrel-windows-x86_64 | 1.0.0 | 23.00 | 42.00 | 65.00 | NOTE | 
Version: 1.0.0
Check: installed package size
Result: NOTE
    installed size is  8.4Mb
    sub-directories of 1Mb or more:
      data   8.3Mb
Flavors: r-oldrel-macos-arm64, r-oldrel-macos-x86_64, r-oldrel-windows-x86_64