Last updated on 2024-04-19 19:50:25 CEST.
Flavor | Version | Tinstall | Tcheck | Ttotal | Status | Flags |
---|---|---|---|---|---|---|
r-devel-linux-x86_64-debian-clang | 0.0.15 | 15.27 | 85.44 | 100.71 | OK | --no-tests |
r-devel-linux-x86_64-debian-gcc | 0.0.15 | OK | --no-tests | |||
r-devel-linux-x86_64-fedora-clang | 0.0.15 | 123.50 | OK | --no-tests | ||
r-devel-linux-x86_64-fedora-gcc | 0.0.15 | 116.42 | OK | --no-tests | ||
r-prerel-macos-arm64 | 0.0.15 | 47.00 | OK | |||
r-prerel-macos-x86_64 | 0.0.15 | 83.00 | NOTE | |||
r-prerel-windows-x86_64 | 0.0.15 | 13.00 | 67.00 | 80.00 | OK | --no-examples --no-tests --no-vignettes |
r-patched-linux-x86_64 | 0.0.15 | 11.72 | 80.98 | 92.70 | OK | --no-tests |
r-release-linux-x86_64 | 0.0.15 | 15.09 | 81.17 | 96.26 | OK | --no-tests |
r-release-macos-arm64 | 0.0.15 | 45.00 | OK | |||
r-release-macos-x86_64 | 0.0.15 | 81.00 | OK | |||
r-release-windows-x86_64 | 0.0.15 | 12.00 | 63.00 | 75.00 | OK | --no-examples --no-tests --no-vignettes |
r-oldrel-macos-arm64 | 0.0.15 | 43.00 | OK | |||
r-oldrel-windows-x86_64 | 0.0.15 | 18.00 | 67.00 | 85.00 | ERROR | --no-examples --no-tests --no-vignettes |
Version: 0.0.15
Check: package dependencies
Result: NOTE
Package suggested but not available for checking: ‘rsolr’
Flavor: r-prerel-macos-x86_64
Version: 0.0.15
Flags: --no-examples --no-tests --no-vignettes
Check: whether package can be installed
Result: ERROR
Installation failed.
Flavor: r-oldrel-windows-x86_64